{"id":18,"date":"2025-04-05T05:08:25","date_gmt":"2025-04-05T05:08:25","guid":{"rendered":"https:\/\/checkinhanoi.com\/?page_id=18"},"modified":"2025-04-07T05:17:39","modified_gmt":"2025-04-07T05:17:39","slug":"mien-tru-trach-nhiem-ffok","status":"publish","type":"page","link":"https:\/\/checkinhanoi.com\/index.php\/mien-tru-trach-nhiem-ffok\/","title":{"rendered":"Mi\u1ec5n Tr\u1eeb Tr\u00e1ch Nhi\u1ec7m FFok \u2013 Nh\u1eefng \u0111i\u1ec1u b\u1ea1n c\u1ea7n hi\u1ec3u r\u00f5 tr\u01b0\u1edbc khi ch\u01a1i!"},"content":{"rendered":"\n<h1 class=\"wp-block-heading\"><span class=\"ez-toc-section\" id=\"Mien_Tru_Trach_Nhiem_FFok_%E2%80%93_Nhung_dieu_ban_can_hieu_ro_truoc_khi_choi\"><\/span>Mi\u1ec5n Tr\u1eeb Tr\u00e1ch Nhi\u1ec7m FFok \u2013 Nh\u1eefng \u0111i\u1ec1u b\u1ea1n c\u1ea7n hi\u1ec3u r\u00f5 tr\u01b0\u1edbc khi ch\u01a1i!<span class=\"ez-toc-section-end\"><\/span><\/h1>\n\n\n\n<figure class=\"wp-block-image aligncenter size-full\"><img loading=\"lazy\" decoding=\"async\" width=\"800\" height=\"450\" src=\"https:\/\/checkinhanoi.com\/wp-content\/uploads\/2025\/04\/mien-tru.jpg\" alt=\"Mi\u1ec5n Tr\u1eeb Tr\u00e1ch Nhi\u1ec7m FFok \u2013 Nh\u1eefng \u0111i\u1ec1u b\u1ea1n c\u1ea7n hi\u1ec3u r\u00f5 tr\u01b0\u1edbc khi ch\u01a1i!\" class=\"wp-image-158\" srcset=\"https:\/\/checkinhanoi.com\/wp-content\/uploads\/2025\/04\/mien-tru.jpg 800w, https:\/\/checkinhanoi.com\/wp-content\/uploads\/2025\/04\/mien-tru-300x169.jpg 300w, https:\/\/checkinhanoi.com\/wp-content\/uploads\/2025\/04\/mien-tru-768x432.jpg 768w\" sizes=\"auto, (max-width: 800px) 100vw, 800px\" \/><figcaption class=\"wp-element-caption\">Mi\u1ec5n Tr\u1eeb Tr\u00e1ch Nhi\u1ec7m FFok \u2013 Nh\u1eefng \u0111i\u1ec1u b\u1ea1n c\u1ea7n hi\u1ec3u r\u00f5 tr\u01b0\u1edbc khi ch\u01a1i!<\/figcaption><\/figure>\n\n\n\n<p><a href=\"https:\/\/checkinhanoi.com\/index.php\/mien-tru-trach-nhiem-ffok\/\"><strong>Mi\u1ec5n tr\u1eeb tr\u00e1ch nhi\u1ec7m FFok<\/strong><\/a> l\u00e0 m\u1ed9t kh\u00e1i ni\u1ec7m quan tr\u1ecdng m\u00e0 ng\u01b0\u1eddi ch\u01a1i c\u1ea7n n\u1eafm r\u00f5 tr\u01b0\u1edbc khi tham gia v\u00e0o c\u00e1c ho\u1ea1t \u0111\u1ed9ng c\u00e1 c\u01b0\u1ee3c, \u0111\u1eb7c bi\u1ec7t trong m\u00f4i tr\u01b0\u1eddng tr\u1ef1c tuy\u1ebfn. Vi\u1ec7c hi\u1ec3u r\u00f5 v\u1ec1 nh\u1eefng \u0111i\u1ec1u kho\u1ea3n n\u00e0y kh\u00f4ng ch\u1ec9 gi\u00fap b\u1ea3o v\u1ec7 quy\u1ec1n l\u1ee3i c\u1ee7a b\u1ea3n th\u00e2n m\u00e0 c\u00f2n t\u1ea1o s\u1ef1 tin c\u1eady trong qu\u00e1 tr\u00ecnh tr\u1ea3i nghi\u1ec7m.<\/p><div id=\"ez-toc-container\" class=\"ez-toc-v2_0_82_2 ez-toc-wrap-center counter-hierarchy ez-toc-counter ez-toc-grey ez-toc-container-direction\">\n<div class=\"ez-toc-title-container\">\n<p class=\"ez-toc-title\" style=\"cursor:inherit\">T\u00f3m t\u1eaft<\/p>\n<span class=\"ez-toc-title-toggle\"><a href=\"#\" class=\"ez-toc-pull-right ez-toc-btn ez-toc-btn-xs ez-toc-btn-default ez-toc-toggle\" aria-label=\"Toggle Table of Content\"><span class=\"ez-toc-js-icon-con\"><span class=\"\"><span class=\"eztoc-hide\" style=\"display:none;\">Toggle<\/span><span class=\"ez-toc-icon-toggle-span\"><svg style=\"fill: #999;color:#999\" xmlns=\"http:\/\/www.w3.org\/2000\/svg\" class=\"list-377408\" width=\"20px\" height=\"20px\" viewBox=\"0 0 24 24\" fill=\"none\"><path d=\"M6 6H4v2h2V6zm14 0H8v2h12V6zM4 11h2v2H4v-2zm16 0H8v2h12v-2zM4 16h2v2H4v-2zm16 0H8v2h12v-2z\" fill=\"currentColor\"><\/path><\/svg><svg style=\"fill: #999;color:#999\" class=\"arrow-unsorted-368013\" xmlns=\"http:\/\/www.w3.org\/2000\/svg\" width=\"10px\" height=\"10px\" viewBox=\"0 0 24 24\" version=\"1.2\" baseProfile=\"tiny\"><path d=\"M18.2 9.3l-6.2-6.3-6.2 6.3c-.2.2-.3.4-.3.7s.1.5.3.7c.2.2.4.3.7.3h11c.3 0 .5-.1.7-.3.2-.2.3-.5.3-.7s-.1-.5-.3-.7zM5.8 14.7l6.2 6.3 6.2-6.3c.2-.2.3-.5.3-.7s-.1-.5-.3-.7c-.2-.2-.4-.3-.7-.3h-11c-.3 0-.5.1-.7.3-.2.2-.3.5-.3.7s.1.5.3.7z\"\/><\/svg><\/span><\/span><\/span><\/a><\/span><\/div>\n<nav><ul class='ez-toc-list ez-toc-list-level-1 ' ><li class='ez-toc-page-1 ez-toc-heading-level-1'><a class=\"ez-toc-link ez-toc-heading-1\" href=\"https:\/\/checkinhanoi.com\/index.php\/mien-tru-trach-nhiem-ffok\/#Mien_Tru_Trach_Nhiem_FFok_%E2%80%93_Nhung_dieu_ban_can_hieu_ro_truoc_khi_choi\" >Mi\u1ec5n Tr\u1eeb Tr\u00e1ch Nhi\u1ec7m FFok \u2013 Nh\u1eefng \u0111i\u1ec1u b\u1ea1n c\u1ea7n hi\u1ec3u r\u00f5 tr\u01b0\u1edbc khi ch\u01a1i!<\/a><ul class='ez-toc-list-level-2' ><li class='ez-toc-heading-level-2'><a class=\"ez-toc-link ez-toc-heading-2\" href=\"https:\/\/checkinhanoi.com\/index.php\/mien-tru-trach-nhiem-ffok\/#Mien_tru_trach_nhiem_la_gi_va_vi_sao_FFok_can_dieu_nay\" >Mi\u1ec5n tr\u1eeb tr\u00e1ch nhi\u1ec7m l\u00e0 g\u00ec v\u00e0 v\u00ec sao FFok c\u1ea7n \u0111i\u1ec1u n\u00e0y?<\/a><\/li><li class='ez-toc-page-1 ez-toc-heading-level-2'><a class=\"ez-toc-link ez-toc-heading-3\" href=\"https:\/\/checkinhanoi.com\/index.php\/mien-tru-trach-nhiem-ffok\/#FFok_khong_chiu_trach_nhiem_trong_nhung_truong_hop_nao\" >FFok kh\u00f4ng ch\u1ecbu tr\u00e1ch nhi\u1ec7m trong nh\u1eefng tr\u01b0\u1eddng h\u1ee3p n\u00e0o?<\/a><\/li><li class='ez-toc-page-1 ez-toc-heading-level-2'><a class=\"ez-toc-link ez-toc-heading-4\" href=\"https:\/\/checkinhanoi.com\/index.php\/mien-tru-trach-nhiem-ffok\/#Nguoi_choi_can_lam_gi_de_dam_bao_quyen_loi_cua_minh\" >Ng\u01b0\u1eddi ch\u01a1i c\u1ea7n l\u00e0m g\u00ec \u0111\u1ec3 \u0111\u1ea3m b\u1ea3o quy\u1ec1n l\u1ee3i c\u1ee7a m\u00ecnh?<\/a><\/li><li class='ez-toc-page-1 ez-toc-heading-level-2'><a class=\"ez-toc-link ez-toc-heading-5\" href=\"https:\/\/checkinhanoi.com\/index.php\/mien-tru-trach-nhiem-ffok\/#Ket_luan\" >K\u1ebft lu\u1eadn<\/a><\/li><\/ul><\/li><\/ul><\/nav><\/div>\n\n\n\n\n<h2 class=\"wp-block-heading\"><span class=\"ez-toc-section\" id=\"Mien_tru_trach_nhiem_la_gi_va_vi_sao_FFok_can_dieu_nay\"><\/span>Mi\u1ec5n tr\u1eeb tr\u00e1ch nhi\u1ec7m l\u00e0 g\u00ec v\u00e0 v\u00ec sao FFok c\u1ea7n \u0111i\u1ec1u n\u00e0y?<span class=\"ez-toc-section-end\"><\/span><\/h2>\n\n\n\n<p>Trong th\u1ebf gi\u1edbi c\u00e1 c\u01b0\u1ee3c online hi\u1ec7n nay, vi\u1ec7c s\u1eed d\u1ee5ng c\u00e1c \u0111i\u1ec1u kho\u1ea3n mi\u1ec5n tr\u1eeb tr\u00e1ch nhi\u1ec7m tr\u1edf n\u00ean ph\u1ed5 bi\u1ebfn h\u01a1n bao gi\u1edd h\u1ebft. \u0110\u00f3 kh\u00f4ng ch\u1ec9 l\u00e0 c\u00e1ch th\u1ee9c \u0111\u1ec3 b\u1ea3o v\u1ec7 nh\u00e0 c\u00e1i m\u00e0 c\u00f2n l\u00e0 m\u1ed9t bi\u1ec7n ph\u00e1p nh\u1eb1m \u0111\u1ea3m b\u1ea3o t\u00ednh minh b\u1ea1ch v\u00e0 c\u00f4ng b\u1eb1ng gi\u1eefa c\u00e1c b\u00ean li\u00ean quan.<\/p>\n\n\n\n<h3 class=\"wp-block-heading\">\u0110\u1ecbnh ngh\u0129a Mi\u1ec5n tr\u1eeb tr\u00e1ch nhi\u1ec7m<\/h3>\n\n\n\n<p>Mi\u1ec5n tr\u1eeb tr\u00e1ch nhi\u1ec7m l\u00e0 m\u1ed9t \u0111i\u1ec1u kho\u1ea3n ph\u00e1p l\u00fd m\u00e0 theo \u0111\u00f3, m\u1ed9t b\u00ean (th\u01b0\u1eddng l\u00e0 nh\u00e0 c\u00e1i) s\u1ebd kh\u00f4ng ch\u1ecbu tr\u00e1ch nhi\u1ec7m \u0111\u1ed1i v\u1edbi c\u00e1c thi\u1ec7t h\u1ea1i ho\u1eb7c t\u1ed5n th\u1ea5t ph\u00e1t sinh t\u1eeb vi\u1ec7c s\u1eed d\u1ee5ng d\u1ecbch v\u1ee5 c\u1ee7a h\u1ecd. \u0110i\u1ec1u n\u00e0y c\u00f3 th\u1ec3 bao g\u1ed3m c\u1ea3 vi\u1ec7c kh\u00f4ng ch\u1ecbu tr\u00e1ch nhi\u1ec7m cho c\u00e1c l\u1ed7i k\u1ef9 thu\u1eadt, r\u1ee7i ro do ng\u01b0\u1eddi d\u00f9ng g\u00e2y ra ho\u1eb7c c\u00e1c h\u00e0nh vi gian l\u1eadn.<\/p>\n\n\n\n<h3 class=\"wp-block-heading\">T\u1ea1i sao FFok c\u1ea7n \u0111i\u1ec1u n\u00e0y?<\/h3>\n\n\n\n<p><a href=\"https:\/\/checkinhanoi.com\/\"><strong>FFok<\/strong><\/a>, gi\u1ed1ng nh\u01b0 nhi\u1ec1u n\u1ec1n t\u1ea3ng c\u00e1 c\u01b0\u1ee3c kh\u00e1c, y\u00eau c\u1ea7u \u0111i\u1ec1u kho\u1ea3n mi\u1ec5n tr\u1eeb tr\u00e1ch nhi\u1ec7m \u0111\u1ec3 b\u1ea3o v\u1ec7 ch\u00ednh m\u00ecnh kh\u1ecfi c\u00e1c tranh ch\u1ea5p ph\u00e1p l\u00fd kh\u00f4ng mong mu\u1ed1n. C\u00f3 r\u1ea5t nhi\u1ec1u y\u1ebfu t\u1ed1 c\u00f3 th\u1ec3 \u1ea3nh h\u01b0\u1edfng \u0111\u1ebfn k\u1ebft qu\u1ea3 tr\u00f2 ch\u01a1i, ch\u1eb3ng h\u1ea1n nh\u01b0 s\u1ef1 c\u1ed1 m\u00e1y ch\u1ee7, l\u1ed7i h\u1ec7 th\u1ed1ng ho\u1eb7c th\u1eadm ch\u00ed l\u00e0 s\u1ef1 can thi\u1ec7p t\u1eeb b\u00ean ngo\u00e0i. B\u1eb1ng c\u00e1ch \u00e1p d\u1ee5ng \u0111i\u1ec1u kho\u1ea3n n\u00e0y, FFok c\u00f3 th\u1ec3 gi\u1ea3m thi\u1ec3u r\u1ee7i ro ph\u00e1p l\u00fd v\u00e0 t\u1eadp trung v\u00e0o vi\u1ec7c cung c\u1ea5p d\u1ecbch v\u1ee5 t\u1ed1t nh\u1ea5t cho ng\u01b0\u1eddi ch\u01a1i.<\/p>\n\n\n\n<h3 class=\"wp-block-heading\">Vai tr\u00f2 c\u1ee7a \u0111i\u1ec1u kho\u1ea3n mi\u1ec5n tr\u1eeb trong b\u1ea3o v\u1ec7 \u0111\u00f4i b\u00ean<\/h3>\n\n\n\n<p>\u0110i\u1ec1u kho\u1ea3n mi\u1ec5n tr\u1eeb tr\u00e1ch nhi\u1ec7m kh\u00f4ng ch\u1ec9 b\u1ea3o v\u1ec7 nh\u00e0 c\u00e1i m\u00e0 c\u00f2n gi\u00fap ng\u01b0\u1eddi ch\u01a1i hi\u1ec3u r\u00f5 h\u01a1n v\u1ec1 quy\u1ec1n l\u1ee3i v\u00e0 tr\u00e1ch nhi\u1ec7m c\u1ee7a m\u00ecnh. Khi tham gia v\u00e0o c\u00e1c tr\u00f2 ch\u01a1i c\u00e1 c\u01b0\u1ee3c, ng\u01b0\u1eddi ch\u01a1i ph\u1ea3i ch\u1ea5p nh\u1eadn m\u1ecdi r\u1ee7i ro li\u00ean quan \u0111\u1ebfn quy\u1ebft \u0111\u1ecbnh c\u1ee7a m\u00ecnh. \u0110i\u1ec1u n\u00e0y th\u00fac \u0111\u1ea9y t\u00ednh t\u1ef1 gi\u00e1c v\u00e0 c\u1ea3nh gi\u00e1c, gi\u00fap ng\u01b0\u1eddi ch\u01a1i n\u00e2ng cao \u00fd th\u1ee9c v\u1ec1 vi\u1ec7c qu\u1ea3n l\u00fd t\u00e0i ch\u00ednh c\u0169ng nh\u01b0 bi\u1ebft c\u00e1ch b\u1ea3o v\u1ec7 b\u1ea3n th\u00e2n trong tr\u01b0\u1eddng h\u1ee3p x\u1ea3y ra s\u1ef1 c\u1ed1.<\/p>\n\n\n\n<h2 class=\"wp-block-heading\"><span class=\"ez-toc-section\" id=\"FFok_khong_chiu_trach_nhiem_trong_nhung_truong_hop_nao\"><\/span>FFok kh\u00f4ng ch\u1ecbu tr\u00e1ch nhi\u1ec7m trong nh\u1eefng tr\u01b0\u1eddng h\u1ee3p n\u00e0o?<span class=\"ez-toc-section-end\"><\/span><\/h2>\n\n\n\n<p>M\u1eb7c d\u00f9 c\u00f3 \u0111i\u1ec1u kho\u1ea3n mi\u1ec5n tr\u1eeb tr\u00e1ch nhi\u1ec7m, nh\u01b0ng v\u1eabn c\u00f3 nh\u1eefng t\u00ecnh hu\u1ed1ng c\u1ee5 th\u1ec3 m\u00e0 FFok s\u1ebd kh\u00f4ng ch\u1ecbu tr\u00e1ch nhi\u1ec7m. Vi\u1ec7c hi\u1ec3u r\u00f5 nh\u1eefng tr\u01b0\u1eddng h\u1ee3p n\u00e0y r\u1ea5t c\u1ea7n thi\u1ebft \u0111\u1ec3 ng\u01b0\u1eddi ch\u01a1i c\u00f3 th\u1ec3 t\u1ef1 b\u1ea3o v\u1ec7 m\u00ecnh.<\/p>\n\n\n\n<h3 class=\"wp-block-heading\">Tr\u01b0\u1eddng h\u1ee3p l\u1ed7i t\u1eeb ph\u00eda ng\u01b0\u1eddi d\u00f9ng ho\u1eb7c b\u00ean th\u1ee9 ba<\/h3>\n\n\n\n<p>Ch\u00fang ta kh\u00f4ng th\u1ec3 ph\u1ee7 nh\u1eadn r\u1eb1ng l\u1ed7i k\u1ef9 thu\u1eadt c\u00f3 th\u1ec3 \u0111\u1ebfn t\u1eeb nhi\u1ec1u ngu\u1ed3n kh\u00e1c nhau, kh\u00f4ng ch\u1ec9 ri\u00eang FFok. N\u1ebfu ng\u01b0\u1eddi d\u00f9ng thao t\u00e1c sai ho\u1eb7c kh\u00f4ng tu\u00e2n th\u1ee7 c\u00e1c quy \u0111\u1ecbnh c\u1ee7a n\u1ec1n t\u1ea3ng, FFok s\u1ebd kh\u00f4ng ch\u1ecbu tr\u00e1ch nhi\u1ec7m \u0111\u1ed1i v\u1edbi b\u1ea5t k\u1ef3 thi\u1ec7t h\u1ea1i n\u00e0o ph\u00e1t sinh t\u1eeb nh\u1eefng h\u00e0nh vi n\u00e0y.<\/p>\n\n\n\n<p>V\u00ed d\u1ee5, n\u1ebfu m\u1ed9t ng\u01b0\u1eddi ch\u01a1i quy\u1ebft \u0111\u1ecbnh chia s\u1ebb th\u00f4ng tin t\u00e0i kho\u1ea3n c\u1ee7a m\u00ecnh v\u1edbi ng\u01b0\u1eddi kh\u00e1c v\u00e0 d\u1eabn \u0111\u1ebfn vi\u1ec7c b\u1ecb m\u1ea5t ti\u1ec1n, tr\u00e1ch nhi\u1ec7m thu\u1ed9c v\u1ec1 ng\u01b0\u1eddi ch\u01a1i ch\u1ee9 kh\u00f4ng ph\u1ea3i FFok. Ch\u00ednh v\u00ec v\u1eady, m\u1ed7i ng\u01b0\u1eddi ch\u01a1i c\u1ea7n ph\u1ea3i c\u00f3 m\u1ed9t \u00fd th\u1ee9c r\u00f5 r\u00e0ng v\u1ec1 vi\u1ec7c b\u1ea3o v\u1ec7 th\u00f4ng tin c\u00e1 nh\u00e2n c\u1ee7a m\u00ecnh.<\/p>\n\n\n\n<h3 class=\"wp-block-heading\">R\u1ee7i ro khi vi ph\u1ea1m \u0111i\u1ec1u kho\u1ea3n s\u1eed d\u1ee5ng d\u1ecbch v\u1ee5<\/h3>\n\n\n\n<p>M\u1ed9t trong nh\u1eefng nguy\u00ean t\u1eafc quan tr\u1ecdng trong th\u1ebf gi\u1edbi c\u00e1 c\u01b0\u1ee3c l\u00e0 vi\u1ec7c ng\u01b0\u1eddi ch\u01a1i ph\u1ea3i tu\u00e2n th\u1ee7 c\u00e1c \u0111i\u1ec1u kho\u1ea3n v\u00e0 \u0111i\u1ec1u ki\u1ec7n c\u1ee7a n\u1ec1n t\u1ea3ng. N\u1ebfu vi ph\u1ea1m, ng\u01b0\u1eddi ch\u01a1i c\u00f3 nguy c\u01a1 b\u1ecb \u0111\u00ecnh ch\u1ec9 t\u00e0i kho\u1ea3n ho\u1eb7c th\u1eadm ch\u00ed l\u00e0 m\u1ea5t to\u00e0n b\u1ed9 s\u1ed1 ti\u1ec1n \u0111\u00e3 \u0111\u1eb7t c\u01b0\u1ee3c.<\/p>\n\n\n\n<p>FFok c\u00f3 quy\u1ec1n th\u1ef1c hi\u1ec7n c\u00e1c bi\u1ec7n ph\u00e1p c\u1ea7n thi\u1ebft \u0111\u1ec3 b\u1ea3o v\u1ec7 h\u1ec7 th\u1ed1ng c\u1ee7a m\u00ecnh. \u0110i\u1ec1u n\u00e0y c\u00f3 ngh\u0129a l\u00e0 ng\u01b0\u1eddi ch\u01a1i c\u1ea7n n\u1eafm r\u00f5 c\u00e1c quy \u0111\u1ecbnh v\u00e0 \u0111i\u1ec1u kho\u1ea3n s\u1eed d\u1ee5ng d\u1ecbch v\u1ee5 \u0111\u1ec3 tr\u00e1nh m\u1eafc ph\u1ea3i sai l\u1ea7m kh\u00f4ng \u0111\u00e1ng c\u00f3. Vi\u1ec7c kh\u00f4ng l\u00e0m r\u00f5 nh\u1eefng \u0111i\u1ec1u n\u00e0y c\u00f3 th\u1ec3 d\u1eabn \u0111\u1ebfn h\u1eadu qu\u1ea3 nghi\u00eam tr\u1ecdng.<\/p>\n\n\n\n<h3 class=\"wp-block-heading\">C\u00e1c y\u1ebfu t\u1ed1 kh\u00e1ch quan kh\u00f4ng th\u1ec3 ki\u1ec3m so\u00e1t<\/h3>\n\n\n\n<p>\u0110\u00f4i khi, nh\u1eefng s\u1ef1 c\u1ed1 x\u1ea3y ra kh\u00f4ng n\u1eb1m trong t\u1ea7m ki\u1ec3m so\u00e1t c\u1ee7a c\u1ea3 ng\u01b0\u1eddi ch\u01a1i v\u00e0 nh\u00e0 c\u00e1i. V\u00ed d\u1ee5 nh\u01b0 thi\u00ean tai, s\u1ef1 c\u1ed1 m\u1ea1ng Internet hay c\u00e1c v\u1ea5n \u0111\u1ec1 li\u00ean quan \u0111\u1ebfn ph\u00e1p l\u00fd c\u00f3 th\u1ec3 \u1ea3nh h\u01b0\u1edfng \u0111\u1ebfn qu\u00e1 tr\u00ecnh c\u00e1 c\u01b0\u1ee3c. Trong nh\u1eefng tr\u01b0\u1eddng h\u1ee3p n\u00e0y, FFok s\u1ebd kh\u00f4ng ch\u1ecbu tr\u00e1ch nhi\u1ec7m v\u1ec1 b\u1ea5t k\u1ef3 thi\u1ec7t h\u1ea1i n\u00e0o m\u00e0 ng\u01b0\u1eddi ch\u01a1i c\u00f3 th\u1ec3 g\u1eb7p ph\u1ea3i.<\/p>\n\n\n\n<p>Ng\u01b0\u1eddi ch\u01a1i c\u1ea7n c\u00f3 s\u1ef1 chu\u1ea9n b\u1ecb t\u00e2m l\u00fd cho nh\u1eefng t\u00ecnh hu\u1ed1ng kh\u00f4ng l\u01b0\u1eddng tr\u01b0\u1edbc \u0111\u01b0\u1ee3c. S\u1ef1 ch\u1ee7 \u0111\u1ed9ng n\u00e0y kh\u00f4ng ch\u1ec9 gi\u00fap gi\u1ea3m thi\u1ec3u r\u1ee7i ro t\u00e0i ch\u00ednh m\u00e0 c\u00f2n b\u1ea3o v\u1ec7 s\u1ee9c kh\u1ecfe tinh th\u1ea7n c\u1ee7a b\u1ea3n th\u00e2n.<\/p>\n\n\n\n<h2 class=\"wp-block-heading\"><span class=\"ez-toc-section\" id=\"Nguoi_choi_can_lam_gi_de_dam_bao_quyen_loi_cua_minh\"><\/span>Ng\u01b0\u1eddi ch\u01a1i c\u1ea7n l\u00e0m g\u00ec \u0111\u1ec3 \u0111\u1ea3m b\u1ea3o quy\u1ec1n l\u1ee3i c\u1ee7a m\u00ecnh?<span class=\"ez-toc-section-end\"><\/span><\/h2>\n\n\n\n<p>Khi tham gia v\u00e0o n\u1ec1n t\u1ea3ng c\u00e1 c\u01b0\u1ee3c tr\u1ef1c tuy\u1ebfn, ng\u01b0\u1eddi ch\u01a1i c\u1ea7n c\u00f3 nh\u1eefng b\u01b0\u1edbc \u0111i c\u1ea9n tr\u1ecdng \u0111\u1ec3 b\u1ea3o v\u1ec7 quy\u1ec1n l\u1ee3i c\u1ee7a m\u00ecnh. D\u01b0\u1edbi \u0111\u00e2y l\u00e0 m\u1ed9t s\u1ed1 bi\u1ec7n ph\u00e1p c\u1ea7n thi\u1ebft m\u00e0 ng\u01b0\u1eddi ch\u01a1i n\u00ean th\u1ef1c hi\u1ec7n.<\/p>\n\n\n\n<h3 class=\"wp-block-heading\">\u0110\u1ecdc k\u1ef9 c\u00e1c ch\u00ednh s\u00e1ch v\u00e0 \u0111i\u1ec1u kho\u1ea3n tr\u01b0\u1edbc khi ch\u01a1i<\/h3>\n\n\n\n<p>\u0110\u00e2y l\u00e0 b\u01b0\u1edbc \u0111\u1ea7u ti\u00ean v\u00e0 quan tr\u1ecdng nh\u1ea5t m\u00e0 ng\u01b0\u1eddi ch\u01a1i c\u1ea7n th\u1ef1c hi\u1ec7n. Thay v\u00ec ch\u1ec9 v\u1ed9i v\u00e0ng tham gia v\u00e0o tr\u00f2 ch\u01a1i, vi\u1ec7c d\u00e0nh th\u1eddi gian \u0111\u1ec3 \u0111\u1ecdc v\u00e0 hi\u1ec3u r\u00f5 c\u00e1c ch\u00ednh s\u00e1ch, \u0111i\u1ec1u kho\u1ea3n c\u1ee7a FFok s\u1ebd gi\u00fap ng\u01b0\u1eddi ch\u01a1i tr\u00e1nh \u0111\u01b0\u1ee3c nhi\u1ec1u r\u1ee7i ro kh\u00f4ng mong mu\u1ed1n.<\/p>\n\n\n\n<p>Vi\u1ec7c t\u00ecm hi\u1ec3u k\u1ef9 c\u00e0ng s\u1ebd gi\u00fap ng\u01b0\u1eddi ch\u01a1i n\u1eafm b\u1eaft \u0111\u01b0\u1ee3c quy\u1ec1n l\u1ee3i c\u0169ng nh\u01b0 tr\u00e1ch nhi\u1ec7m c\u1ee7a m\u00ecnh. \u0110i\u1ec1u n\u00e0y kh\u00f4ng ch\u1ec9 gi\u00fap ng\u01b0\u1eddi ch\u01a1i c\u00f3 nh\u1eefng quy\u1ebft \u0111\u1ecbnh \u0111\u00fang \u0111\u1eafn m\u00e0 c\u00f2n g\u00f3p ph\u1ea7n t\u0103ng t\u00ednh minh b\u1ea1ch trong to\u00e0n b\u1ed9 qu\u00e1 tr\u00ecnh.<\/p>\n\n\n\n<h3 class=\"wp-block-heading\">Gi\u1eef th\u00f4ng tin t\u00e0i kho\u1ea3n v\u00e0 giao d\u1ecbch an to\u00e0n<\/h3>\n\n\n\n<p>Vi\u1ec7c b\u1ea3o m\u1eadt th\u00f4ng tin c\u00e1 nh\u00e2n l\u00e0 r\u1ea5t quan tr\u1ecdng trong m\u00f4i tr\u01b0\u1eddng tr\u1ef1c tuy\u1ebfn. Ng\u01b0\u1eddi ch\u01a1i c\u1ea7n \u0111\u1ea3m b\u1ea3o r\u1eb1ng m\u1ecdi th\u00f4ng tin t\u00e0i kho\u1ea3n \u0111\u1ec1u \u0111\u01b0\u1ee3c gi\u1eef k\u00edn v\u00e0 kh\u00f4ng chia s\u1ebb v\u1edbi ai kh\u00e1c. H\u01a1n n\u1eefa, vi\u1ec7c s\u1eed d\u1ee5ng c\u00e1c ph\u01b0\u01a1ng th\u1ee9c thanh to\u00e1n an to\u00e0n c\u0169ng l\u00e0 m\u1ed9t y\u1ebfu t\u1ed1 quan tr\u1ecdng \u0111\u1ec3 b\u1ea3o v\u1ec7 t\u00e0i s\u1ea3n c\u1ee7a m\u00ecnh.<\/p>\n\n\n\n<p>H\u00e3y ch\u1eafc ch\u1eafn r\u1eb1ng b\u1ea1n \u0111ang s\u1eed d\u1ee5ng c\u00e1c bi\u1ec7n ph\u00e1p b\u1ea3o m\u1eadt t\u1ed1i \u0111a nh\u01b0 x\u00e1c th\u1ef1c hai l\u1edbp ho\u1eb7c m\u00e3 PIN \u0111\u1ec3 tr\u00e1nh b\u1ecb hack t\u00e0i kho\u1ea3n. \u0110i\u1ec1u n\u00e0y kh\u00f4ng ch\u1ec9 gi\u00fap b\u1ea3o v\u1ec7 t\u00e0i kho\u1ea3n c\u00e1 c\u01b0\u1ee3c m\u00e0 c\u00f2n b\u1ea3o v\u1ec7 th\u00f4ng tin c\u00e1 nh\u00e2n c\u1ee7a b\u1ea1n.<\/p>\n\n\n\n<h3 class=\"wp-block-heading\">L\u1eadp k\u1ebf ho\u1ea1ch chi\u1ebfn l\u01b0\u1ee3c ch\u01a1i game<\/h3>\n\n\n\n<p>M\u1ed9t trong nh\u1eefng c\u00e1ch hi\u1ec7u qu\u1ea3 \u0111\u1ec3 \u0111\u1ea3m b\u1ea3o quy\u1ec1n l\u1ee3i c\u1ee7a m\u00ecnh l\u00e0 l\u1eadp ra m\u1ed9t k\u1ebf ho\u1ea1ch chi\u1ebfn l\u01b0\u1ee3c ch\u01a1i game. \u0110i\u1ec1u n\u00e0y c\u00f3 th\u1ec3 bao g\u1ed3m vi\u1ec7c quy\u1ebft \u0111\u1ecbnh s\u1ed1 ti\u1ec1n b\u1ea1n s\u1eb5n l\u00f2ng \u0111\u1eb7t c\u01b0\u1ee3c, ch\u1ecdn lo\u1ea1i h\u00ecnh c\u00e1 c\u01b0\u1ee3c ph\u00f9 h\u1ee3p v\u1edbi kh\u1ea3 n\u0103ng t\u00e0i ch\u00ednh c\u1ee7a m\u00ecnh v\u00e0 x\u00e1c \u0111\u1ecbnh r\u00f5 gi\u1edbi h\u1ea1n v\u1ec1 t\u00e0i ch\u00ednh.<\/p>\n\n\n\n<p>Vi\u1ec7c c\u00f3 m\u1ed9t k\u1ebf ho\u1ea1ch r\u00f5 r\u00e0ng s\u1ebd gi\u00fap b\u1ea1n \u0111\u01b0a ra nh\u1eefng quy\u1ebft \u0111\u1ecbnh s\u00e1ng su\u1ed1t v\u00e0 gi\u1ea3m thi\u1ec3u c\u00e1c r\u1ee7i ro kh\u00f4ng c\u1ea7n thi\u1ebft. Tr\u00e1nh xa c\u1ea3m x\u00fac khi \u0111\u1eb7t c\u01b0\u1ee3c, h\u00e3y lu\u00f4n gi\u1eef v\u1eefng t\u00e2m l\u00fd t\u1ec9nh t\u00e1o v\u00e0 ki\u00ean nh\u1eabn.<\/p>\n\n\n\n<h2 class=\"wp-block-heading\"><span class=\"ez-toc-section\" id=\"Ket_luan\"><\/span>K\u1ebft lu\u1eadn<span class=\"ez-toc-section-end\"><\/span><\/h2>\n\n\n\n<p>Mi\u1ec5n tr\u1eeb tr\u00e1ch nhi\u1ec7m FFok kh\u00f4ng ch\u1ec9 \u0111\u01a1n thu\u1ea7n l\u00e0 m\u1ed9t \u0111i\u1ec1u kho\u1ea3n ph\u00e1p l\u00fd m\u00e0 c\u00f2n l\u00e0 m\u1ed9t ph\u1ea7n quan tr\u1ecdng trong vi\u1ec7c x\u00e2y d\u1ef1ng m\u1ed1i quan h\u1ec7 tin t\u01b0\u1edfng gi\u1eefa nh\u00e0 c\u00e1i v\u00e0 ng\u01b0\u1eddi ch\u01a1i. Hi\u1ec3u r\u00f5 v\u1ec1 \u0111i\u1ec1u kho\u1ea3n n\u00e0y s\u1ebd gi\u00fap ng\u01b0\u1eddi ch\u01a1i c\u00f3 nh\u1eefng tr\u1ea3i nghi\u1ec7m c\u00e1 c\u01b0\u1ee3c t\u00edch c\u1ef1c v\u00e0 an to\u00e0n h\u01a1n.<\/p>\n\n\n","protected":false},"excerpt":{"rendered":"<p>Mi\u1ec5n Tr\u1eeb Tr\u00e1ch Nhi\u1ec7m FFok \u2013 Nh\u1eefng \u0111i\u1ec1u b\u1ea1n c\u1ea7n hi\u1ec3u r\u00f5 tr\u01b0\u1edbc khi ch\u01a1i! Mi\u1ec5n tr\u1eeb tr\u00e1ch nhi\u1ec7m FFok l\u00e0 m\u1ed9t kh\u00e1i ni\u1ec7m quan tr\u1ecdng m\u00e0 ng\u01b0\u1eddi ch\u01a1i c\u1ea7n n\u1eafm r\u00f5 tr\u01b0\u1edbc khi tham gia v\u00e0o c\u00e1c ho\u1ea1t \u0111\u1ed9ng c\u00e1 c\u01b0\u1ee3c, \u0111\u1eb7c bi\u1ec7t trong m\u00f4i tr\u01b0\u1eddng tr\u1ef1c tuy\u1ebfn. Vi\u1ec7c hi\u1ec3u r\u00f5 v\u1ec1 nh\u1eefng \u0111i\u1ec1u [&#8230;]\n","protected":false},"author":1,"featured_media":158,"parent":0,"menu_order":0,"comment_status":"closed","ping_status":"closed","template":"","meta":{"footnotes":""},"class_list":["post-18","page","type-page","status-publish","has-post-thumbnail","hentry"],"_links":{"self":[{"href":"https:\/\/checkinhanoi.com\/index.php\/wp-json\/wp\/v2\/pages\/18","targetHints":{"allow":["GET"]}}],"collection":[{"href":"https:\/\/checkinhanoi.com\/index.php\/wp-json\/wp\/v2\/pages"}],"about":[{"href":"https:\/\/checkinhanoi.com\/index.php\/wp-json\/wp\/v2\/types\/page"}],"author":[{"embeddable":true,"href":"https:\/\/checkinhanoi.com\/index.php\/wp-json\/wp\/v2\/users\/1"}],"replies":[{"embeddable":true,"href":"https:\/\/checkinhanoi.com\/index.php\/wp-json\/wp\/v2\/comments?post=18"}],"version-history":[{"count":3,"href":"https:\/\/checkinhanoi.com\/index.php\/wp-json\/wp\/v2\/pages\/18\/revisions"}],"predecessor-version":[{"id":162,"href":"https:\/\/checkinhanoi.com\/index.php\/wp-json\/wp\/v2\/pages\/18\/revisions\/162"}],"wp:featuredmedia":[{"embeddable":true,"href":"https:\/\/checkinhanoi.com\/index.php\/wp-json\/wp\/v2\/media\/158"}],"wp:attachment":[{"href":"https:\/\/checkinhanoi.com\/index.php\/wp-json\/wp\/v2\/media?parent=18"}],"curies":[{"name":"wp","href":"https:\/\/api.w.org\/{rel}","templated":true}]}}