{"id":42,"date":"2025-04-05T05:22:17","date_gmt":"2025-04-05T05:22:17","guid":{"rendered":"https:\/\/checkinhanoi.com\/?page_id=42"},"modified":"2025-04-07T05:55:58","modified_gmt":"2025-04-07T05:55:58","slug":"casino-ffok","status":"publish","type":"page","link":"https:\/\/checkinhanoi.com\/index.php\/casino-ffok\/","title":{"rendered":"Casino FFok \u2013 Th\u1ebf gi\u1edbi \u0111\u1ecf \u0111en ch\u00e2n th\u1eadt ngay t\u1ea1i nh\u00e0!"},"content":{"rendered":"\n<h1 class=\"wp-block-heading\"><span class=\"ez-toc-section\" id=\"Casino_FFok_%E2%80%93_The_gioi_do_den_chan_that_ngay_tai_nha\"><\/span>Casino FFok \u2013 Th\u1ebf gi\u1edbi \u0111\u1ecf \u0111en ch\u00e2n th\u1eadt ngay t\u1ea1i nh\u00e0!<span class=\"ez-toc-section-end\"><\/span><\/h1>\n\n\n\n<figure class=\"wp-block-image aligncenter size-full\"><img loading=\"lazy\" decoding=\"async\" width=\"800\" height=\"450\" src=\"https:\/\/checkinhanoi.com\/wp-content\/uploads\/2025\/04\/casino.jpg\" alt=\"Casino FFok \u2013 Th\u1ebf gi\u1edbi \u0111\u1ecf \u0111en ch\u00e2n th\u1eadt ngay t\u1ea1i nh\u00e0!\" class=\"wp-image-195\" srcset=\"https:\/\/checkinhanoi.com\/wp-content\/uploads\/2025\/04\/casino.jpg 800w, https:\/\/checkinhanoi.com\/wp-content\/uploads\/2025\/04\/casino-300x169.jpg 300w, https:\/\/checkinhanoi.com\/wp-content\/uploads\/2025\/04\/casino-768x432.jpg 768w\" sizes=\"auto, (max-width: 800px) 100vw, 800px\" \/><figcaption class=\"wp-element-caption\">Casino FFok \u2013 Th\u1ebf gi\u1edbi \u0111\u1ecf \u0111en ch\u00e2n th\u1eadt ngay t\u1ea1i nh\u00e0!<\/figcaption><\/figure>\n\n\n\n<p><a href=\"https:\/\/checkinhanoi.com\/index.php\/casino-ffok\/\"><strong>Casino FFok<\/strong><\/a> mang \u0111\u1ebfn cho ng\u01b0\u1eddi ch\u01a1i m\u1ed9t tr\u1ea3i nghi\u1ec7m ho\u00e0n to\u00e0n m\u1edbi m\u1ebb v\u00e0 h\u1ea5p d\u1eabn v\u1edbi nh\u1eefng tr\u00f2 ch\u01a1i casino tr\u1ef1c tuy\u1ebfn \u0111\u01b0\u1ee3c thi\u1ebft k\u1ebf s\u1ed1ng \u0111\u1ed9ng nh\u01b0 \u1edf m\u1ed9t s\u00f2ng b\u1ea1c th\u1ef1c th\u1ee5. H\u00e3y c\u00f9ng kh\u00e1m ph\u00e1 th\u1ebf gi\u1edbi \u0111\u1ecf \u0111en \u0111\u1ea7y th\u00fa v\u1ecb n\u00e0y, n\u01a1i m\u00e0 b\u1ea1n c\u00f3 th\u1ec3 t\u1eadn h\u01b0\u1edfng m\u1ecdi c\u1ea3m x\u00fac t\u1eeb s\u1ef1 h\u1ed3i h\u1ed9p, k\u1ecbch t\u00ednh cho \u0111\u1ebfn ni\u1ec1m vui th\u1eafng l\u1ee3i ngay t\u1ea1i ch\u00ednh ng\u00f4i nh\u00e0 c\u1ee7a m\u00ecnh.<\/p><div id=\"ez-toc-container\" class=\"ez-toc-v2_0_82_2 ez-toc-wrap-center counter-hierarchy ez-toc-counter ez-toc-grey ez-toc-container-direction\">\n<div class=\"ez-toc-title-container\">\n<p class=\"ez-toc-title\" style=\"cursor:inherit\">T\u00f3m t\u1eaft<\/p>\n<span class=\"ez-toc-title-toggle\"><a href=\"#\" class=\"ez-toc-pull-right ez-toc-btn ez-toc-btn-xs ez-toc-btn-default ez-toc-toggle\" aria-label=\"Toggle Table of Content\"><span class=\"ez-toc-js-icon-con\"><span class=\"\"><span class=\"eztoc-hide\" style=\"display:none;\">Toggle<\/span><span class=\"ez-toc-icon-toggle-span\"><svg style=\"fill: #999;color:#999\" xmlns=\"http:\/\/www.w3.org\/2000\/svg\" class=\"list-377408\" width=\"20px\" height=\"20px\" viewBox=\"0 0 24 24\" fill=\"none\"><path d=\"M6 6H4v2h2V6zm14 0H8v2h12V6zM4 11h2v2H4v-2zm16 0H8v2h12v-2zM4 16h2v2H4v-2zm16 0H8v2h12v-2z\" fill=\"currentColor\"><\/path><\/svg><svg style=\"fill: #999;color:#999\" class=\"arrow-unsorted-368013\" xmlns=\"http:\/\/www.w3.org\/2000\/svg\" width=\"10px\" height=\"10px\" viewBox=\"0 0 24 24\" version=\"1.2\" baseProfile=\"tiny\"><path d=\"M18.2 9.3l-6.2-6.3-6.2 6.3c-.2.2-.3.4-.3.7s.1.5.3.7c.2.2.4.3.7.3h11c.3 0 .5-.1.7-.3.2-.2.3-.5.3-.7s-.1-.5-.3-.7zM5.8 14.7l6.2 6.3 6.2-6.3c.2-.2.3-.5.3-.7s-.1-.5-.3-.7c-.2-.2-.4-.3-.7-.3h-11c-.3 0-.5.1-.7.3-.2.2-.3.5-.3.7s.1.5.3.7z\"\/><\/svg><\/span><\/span><\/span><\/a><\/span><\/div>\n<nav><ul class='ez-toc-list ez-toc-list-level-1 ' ><li class='ez-toc-page-1 ez-toc-heading-level-1'><a class=\"ez-toc-link ez-toc-heading-1\" href=\"https:\/\/checkinhanoi.com\/index.php\/casino-ffok\/#Casino_FFok_%E2%80%93_The_gioi_do_den_chan_that_ngay_tai_nha\" >Casino FFok \u2013 Th\u1ebf gi\u1edbi \u0111\u1ecf \u0111en ch\u00e2n th\u1eadt ngay t\u1ea1i nh\u00e0!<\/a><ul class='ez-toc-list-level-2' ><li class='ez-toc-heading-level-2'><a class=\"ez-toc-link ez-toc-heading-2\" href=\"https:\/\/checkinhanoi.com\/index.php\/casino-ffok\/#Trai_nghiem_Casino_FFok_nhu_dang_o_song_that\" >Tr\u1ea3i nghi\u1ec7m Casino FFok nh\u01b0 \u0111ang \u1edf s\u00f2ng th\u1eadt<\/a><\/li><li class='ez-toc-page-1 ez-toc-heading-level-2'><a class=\"ez-toc-link ez-toc-heading-3\" href=\"https:\/\/checkinhanoi.com\/index.php\/casino-ffok\/#Nhung_game_hot_nhat_trong_Casino_FFok\" >Nh\u1eefng game hot nh\u1ea5t trong Casino FFok<\/a><\/li><li class='ez-toc-page-1 ez-toc-heading-level-2'><a class=\"ez-toc-link ez-toc-heading-4\" href=\"https:\/\/checkinhanoi.com\/index.php\/casino-ffok\/#Tips_choi_Casino_khong_bi_%E2%80%9Cduoi_tien%E2%80%9D\" >Tips ch\u01a1i Casino kh\u00f4ng b\u1ecb \u201c\u0111u\u1ed1i ti\u1ec1n\u201d<\/a><\/li><li class='ez-toc-page-1 ez-toc-heading-level-2'><a class=\"ez-toc-link ez-toc-heading-5\" href=\"https:\/\/checkinhanoi.com\/index.php\/casino-ffok\/#Ket_luan\" >K\u1ebft lu\u1eadn<\/a><\/li><\/ul><\/li><\/ul><\/nav><\/div>\n\n\n\n\n<h2 class=\"wp-block-heading\"><span class=\"ez-toc-section\" id=\"Trai_nghiem_Casino_FFok_nhu_dang_o_song_that\"><\/span>Tr\u1ea3i nghi\u1ec7m Casino FFok nh\u01b0 \u0111ang \u1edf s\u00f2ng th\u1eadt<span class=\"ez-toc-section-end\"><\/span><\/h2>\n\n\n\n<p>Khi b\u01b0\u1edbc ch\u00e2n v\u00e0o&nbsp;<strong>Casino FFok<\/strong>, b\u1ea1n s\u1ebd c\u1ea3m nh\u1eadn \u0111\u01b0\u1ee3c kh\u00f4ng kh\u00ed n\u00e1o nhi\u1ec7t c\u1ee7a m\u1ed9t s\u00f2ng b\u1ea1c th\u1eadt s\u1ef1 qua t\u1eebng chi ti\u1ebft nh\u1ecf nh\u1ea5t. T\u1eeb \u00e2m thanh c\u1ee7a nh\u1eefng qu\u00e2n b\u00e0i \u0111\u01b0\u1ee3c x\u00e1o tr\u1ed9n cho \u0111\u1ebfn nh\u1eefng \u00e1nh \u0111\u00e8n l\u1ea5p l\u00e1nh t\u1eeb c\u00e1c m\u00e1y \u0111\u00e1nh b\u1ea1c, t\u1ea5t c\u1ea3 \u0111\u1ec1u \u0111\u01b0\u1ee3c t\u00e1i hi\u1ec7n ch\u00e2n th\u1eadt \u0111\u1ec3 \u0111\u01b0a ng\u01b0\u1eddi ch\u01a1i v\u00e0o m\u1ed9t th\u1ebf gi\u1edbi gi\u1ea3i tr\u00ed \u0111\u1ec9nh cao.<\/p>\n\n\n\n<h3 class=\"wp-block-heading\">Dealer xinh lung linh, livestream 24\/7<\/h3>\n\n\n\n<p>M\u1ed9t trong nh\u1eefng \u0111i\u1ec3m n\u1ed5i b\u1eadt c\u1ee7a Casino FFok ch\u00ednh l\u00e0 h\u1ec7 th\u1ed1ng dealer chuy\u00ean nghi\u1ec7p v\u00e0 xinh \u0111\u1eb9p. H\u1ecd kh\u00f4ng ch\u1ec9 c\u00f3 k\u1ef9 n\u0103ng t\u1ed1t trong vi\u1ec7c \u0111i\u1ec1u khi\u1ec3n tr\u00f2 ch\u01a1i m\u00e0 c\u00f2n s\u1edf h\u1eefu kh\u1ea3 n\u0103ng giao ti\u1ebfp tuy\u1ec7t v\u1eddi, t\u1ea1o n\u00ean b\u1ea7u kh\u00f4ng kh\u00ed th\u00e2n thi\u1ec7n v\u00e0 g\u1ea7n g\u0169i.<\/p>\n\n\n\n<p>Dealer t\u1ea1i Casino FFok lu\u00f4n s\u1eb5n s\u00e0ng ph\u1ee5c v\u1ee5 ng\u01b0\u1eddi ch\u01a1i 24\/7 qua livestream, gi\u00fap b\u1ea1n c\u00f3 th\u1ec3 tr\u1ea3i nghi\u1ec7m m\u1ecdi kho\u1ea3nh kh\u1eafc b\u1ea5t c\u1ee9 l\u00fac n\u00e0o. S\u1ef1 t\u01b0\u01a1ng t\u00e1c tr\u1ef1c ti\u1ebfp n\u00e0y kh\u00f4ng ch\u1ec9 mang l\u1ea1i cho b\u1ea1n c\u1ea3m gi\u00e1c nh\u01b0 \u0111ang \u1edf trong m\u1ed9t s\u00f2ng b\u1ea1c th\u1eadt s\u1ef1 m\u00e0 c\u00f2n t\u1ea1o c\u01a1 h\u1ed9i \u0111\u1ec3 b\u1ea1n k\u1ebft n\u1ed1i v\u1edbi nh\u1eefng ng\u01b0\u1eddi ch\u01a1i kh\u00e1c tr\u00ean to\u00e0n th\u1ebf gi\u1edbi.<\/p>\n\n\n\n<p>H\u01a1n n\u1eefa, h\u00ecnh \u1ea3nh ch\u1ea5t l\u01b0\u1ee3ng cao k\u1ebft h\u1ee3p v\u1edbi \u00e2m thanh s\u1ed1ng \u0111\u1ed9ng t\u1eeb livestream khi\u1ebfn cho tr\u1ea3i nghi\u1ec7m ch\u01a1i game tr\u1edf n\u00ean th\u00fa v\u1ecb h\u01a1n g\u1ea5p b\u1ed9i. B\u1ea1n s\u1ebd kh\u00f4ng ch\u1ec9 \u0111\u01a1n thu\u1ea7n l\u00e0 m\u1ed9t ng\u01b0\u1eddi quan s\u00e1t m\u00e0 c\u00f2n l\u00e0 m\u1ed9t ph\u1ea7n c\u1ee7a tr\u00f2 ch\u01a1i, n\u01a1i m\u00e0 m\u1ed7i quy\u1ebft \u0111\u1ecbnh c\u1ee7a b\u1ea1n \u0111\u1ec1u c\u00f3 th\u1ec3 d\u1eabn \u0111\u1ebfn nh\u1eefng k\u1ebft qu\u1ea3 b\u1ea5t ng\u1edd.<\/p>\n\n\n\n<h3 class=\"wp-block-heading\">Giao di\u1ec7n m\u01b0\u1ee3t m\u00e0 \u2013 ch\u01a1i l\u00e0 m\u00ea<\/h3>\n\n\n\n<p>Giao di\u1ec7n c\u1ee7a Casino <a href=\"https:\/\/checkinhanoi.com\/\"><strong>FFok<\/strong><\/a> \u0111\u01b0\u1ee3c thi\u1ebft k\u1ebf tinh t\u1ebf v\u00e0 d\u1ec5 s\u1eed d\u1ee5ng, gi\u00fap cho ng\u01b0\u1eddi ch\u01a1i c\u00f3 th\u1ec3 d\u1ec5 d\u00e0ng t\u00ecm ki\u1ebfm c\u00e1c tr\u00f2 ch\u01a1i y\u00eau th\u00edch. M\u1ecdi n\u00fat b\u1ea5m, menu \u0111\u1ec1u \u0111\u01b0\u1ee3c b\u1ed1 tr\u00ed m\u1ed9t c\u00e1ch h\u1ee3p l\u00fd, t\u1ea1o thu\u1eadn l\u1ee3i nh\u1ea5t cho ng\u01b0\u1eddi ch\u01a1i trong su\u1ed1t qu\u00e1 tr\u00ecnh tham gia.<\/p>\n\n\n\n<p>V\u1edbi c\u00f4ng ngh\u1ec7 ti\u00ean ti\u1ebfn, Casino FFok mang \u0111\u1ebfn nh\u1eefng tr\u1ea3i nghi\u1ec7m m\u01b0\u1ee3t m\u00e0, kh\u00f4ng b\u1ecb lag hay gi\u00e1n \u0111o\u1ea1n, \u0111\u1eb7c bi\u1ec7t l\u00e0 trong c\u00e1c tr\u00f2 ch\u01a1i live dealer. \u0110i\u1ec1u n\u00e0y c\u00e0ng l\u00e0m t\u0103ng th\u00eam t\u00ednh h\u1ea5p d\u1eabn cho ng\u01b0\u1eddi ch\u01a1i, khi\u1ebfn h\u1ecd kh\u00f3 l\u00f2ng r\u1eddi xa kh\u1ecfi m\u00e0n h\u00ecnh.<\/p>\n\n\n\n<p>B\u00ean c\u1ea1nh \u0111\u00f3, Casino FFok c\u0169ng cung c\u1ea5p nhi\u1ec1u t\u00f9y ch\u1ecdn c\u00e1 nh\u00e2n h\u00f3a, cho ph\u00e9p ng\u01b0\u1eddi ch\u01a1i thay \u0111\u1ed5i giao di\u1ec7n theo s\u1edf th\u00edch c\u00e1 nh\u00e2n. T\u1eeb m\u00e0u s\u1eafc cho \u0111\u1ebfn ki\u1ec3u d\u00e1ng, m\u1ecdi th\u1ee9 \u0111\u1ec1u c\u00f3 th\u1ec3 \u0111\u01b0\u1ee3c \u0111i\u1ec1u ch\u1ec9nh \u0111\u1ec3 t\u1ea1o ra m\u1ed9t kh\u00f4ng gian ch\u01a1i game ho\u00e0n h\u1ea3o nh\u1ea5t cho ri\u00eang b\u1ea1n.<\/p>\n\n\n\n<h2 class=\"wp-block-heading\"><span class=\"ez-toc-section\" id=\"Nhung_game_hot_nhat_trong_Casino_FFok\"><\/span>Nh\u1eefng game hot nh\u1ea5t trong Casino FFok<span class=\"ez-toc-section-end\"><\/span><\/h2>\n\n\n\n<p>Casino FFok kh\u00f4ng ch\u1ec9 d\u1eebng l\u1ea1i \u1edf vi\u1ec7c cung c\u1ea5p b\u1ea7u kh\u00f4ng kh\u00ed ch\u00e2n th\u1eadt m\u00e0 c\u00f2n mang \u0111\u1ebfn m\u1ed9t b\u1ed9 s\u01b0u t\u1eadp c\u00e1c tr\u00f2 ch\u01a1i phong ph\u00fa v\u00e0 \u0111a d\u1ea1ng. V\u1edbi v\u00f4 s\u1ed1 l\u1ef1a ch\u1ecdn, ng\u01b0\u1eddi ch\u01a1i s\u1ebd kh\u00f4ng bao gi\u1edd c\u1ea3m th\u1ea5y ch\u00e1n n\u1ea3n khi tham gia v\u00e0o th\u1ebf gi\u1edbi m\u00e0u s\u1eafc n\u00e0y.<\/p>\n\n\n\n<h3 class=\"wp-block-heading\">Baccarat, R\u1ed3ng H\u1ed5, T\u00e0i X\u1ec9u\u2026 \u0111\u1ee7 v\u1ecb cho b\u1ea1n ch\u1ecdn<\/h3>\n\n\n\n<p>M\u1ed9t trong nh\u1eefng tr\u00f2 ch\u01a1i ph\u1ed5 bi\u1ebfn nh\u1ea5t t\u1ea1i Casino FFok ph\u1ea3i k\u1ec3 \u0111\u1ebfn Baccarat. \u0110\u00e2y l\u00e0 m\u1ed9t tr\u00f2 ch\u01a1i mang d\u1ea5u \u1ea5n l\u1ecbch s\u1eed l\u00e2u \u0111\u1eddi v\u00e0 \u0111\u01b0\u1ee3c y\u00eau th\u00edch b\u1edfi nhi\u1ec1u ng\u01b0\u1eddi ch\u01a1i tr\u00ean to\u00e0n c\u1ea7u. Baccarat t\u1ea1i Casino FFok c\u00f3 nhi\u1ec1u bi\u1ebfn th\u1ec3, t\u1eeb truy\u1ec1n th\u1ed1ng cho \u0111\u1ebfn hi\u1ec7n \u0111\u1ea1i, d\u00e0nh cho m\u1ecdi \u0111\u1ed1i t\u01b0\u1ee3ng.<\/p>\n\n\n\n<p>R\u1ed3ng H\u1ed5 l\u00e0 m\u1ed9t tr\u00f2 ch\u01a1i h\u1ea5p d\u1eabn kh\u00e1c m\u00e0 b\u1ea1n kh\u00f4ng n\u00ean b\u1ecf qua. V\u1edbi c\u00e1ch ch\u01a1i \u0111\u01a1n gi\u1ea3n nh\u01b0ng k\u1ecbch t\u00ednh, ng\u01b0\u1eddi ch\u01a1i ch\u1ec9 c\u1ea7n d\u1ef1 \u0111o\u00e1n xem b\u00ean n\u00e0o &#8211; R\u1ed3ng hay H\u1ed5 s\u1ebd th\u1eafng. S\u1ef1 nhanh ch\u00f3ng v\u00e0 d\u1ec5 hi\u1ec3u c\u1ee7a tr\u00f2 ch\u01a1i n\u00e0y gi\u00fap cho R\u1ed3ng H\u1ed5 tr\u1edf th\u00e0nh m\u1ed9t l\u1ef1a ch\u1ecdn l\u00fd t\u01b0\u1edfng cho nh\u1eefng ai m\u1edbi b\u1eaft \u0111\u1ea7u tham gia v\u00e0o th\u1ebf gi\u1edbi casino.<\/p>\n\n\n\n<p>T\u00e0i X\u1ec9u c\u0169ng l\u00e0 m\u1ed9t tr\u00f2 ch\u01a1i \u0111\u00e1ng ch\u00fa \u00fd t\u1ea1i Casino FFok. V\u1edbi c\u00e1ch ch\u01a1i \u0111\u01a1n gi\u1ea3n, ng\u01b0\u1eddi ch\u01a1i ch\u1ec9 c\u1ea7n d\u1ef1 \u0111o\u00e1n t\u1ed5ng s\u1ed1 \u0111i\u1ec3m c\u1ee7a ba vi\u00ean x\u00fac x\u1eafc. S\u1ef1 h\u1ed3i h\u1ed9p m\u1ed7i khi x\u00fac x\u1eafc l\u0103n quay khi\u1ebfn cho tr\u00f2 ch\u01a1i n\u00e0y tr\u1edf n\u00ean th\u00fa v\u1ecb v\u00e0 h\u1ea5p d\u1eabn h\u01a1n r\u1ea5t nhi\u1ec1u.<\/p>\n\n\n\n<h3 class=\"wp-block-heading\">Ph\u00f2ng ch\u01a1i nhi\u1ec1u m\u1ee9c c\u01b0\u1ee3c \u2013 ai c\u0169ng c\u00f3 ch\u1ed7<\/h3>\n\n\n\n<p>M\u1ed9t \u01b0u \u0111i\u1ec3m l\u1edbn c\u1ee7a Casino FFok l\u00e0 s\u1ef1 \u0111a d\u1ea1ng v\u1ec1 m\u1ee9c c\u01b0\u1ee3c. D\u00f9 b\u1ea1n l\u00e0 ng\u01b0\u1eddi m\u1edbi b\u1eaft \u0111\u1ea7u hay l\u00e0 m\u1ed9t tay ch\u01a1i k\u1ef3 c\u1ef1u, ch\u1eafc ch\u1eafn b\u1ea1n s\u1ebd t\u00ecm th\u1ea5y ph\u00f2ng ch\u01a1i ph\u00f9 h\u1ee3p v\u1edbi ng\u00e2n s\u00e1ch c\u1ee7a m\u00ecnh.<\/p>\n\n\n\n<p>C\u00e1c ph\u00f2ng ch\u01a1i t\u1ea1i Casino FFok \u0111\u01b0\u1ee3c chia th\u00e0nh nhi\u1ec1u m\u1ee9c c\u01b0\u1ee3c kh\u00e1c nhau, t\u1eeb th\u1ea5p \u0111\u1ebfn cao, nh\u1eb1m \u0111\u00e1p \u1ee9ng nhu c\u1ea7u c\u1ee7a t\u1ea5t c\u1ea3 ng\u01b0\u1eddi ch\u01a1i. N\u1ebfu b\u1ea1n l\u00e0 ng\u01b0\u1eddi m\u1edbi, h\u00e3y b\u1eaft \u0111\u1ea7u v\u1edbi nh\u1eefng b\u00e0n c\u01b0\u1ee3c th\u1ea5p \u0111\u1ec3 c\u00f3 th\u1ec3 t\u00ecm hi\u1ec3u c\u00e1ch ch\u01a1i m\u00e0 kh\u00f4ng c\u1ea7n lo l\u1eafng v\u1ec1 vi\u1ec7c m\u1ea5t qu\u00e1 nhi\u1ec1u ti\u1ec1n.<\/p>\n\n\n\n<p>\u0110\u1ed1i v\u1edbi nh\u1eefng ng\u01b0\u1eddi ch\u01a1i \u0111\u00e3 c\u00f3 kinh nghi\u1ec7m, c\u00e1c ph\u00f2ng c\u01b0\u1ee3c cao s\u1ebd l\u00e0 n\u01a1i l\u00fd t\u01b0\u1edfng \u0111\u1ec3 th\u1eed th\u00e1ch b\u1ea3n th\u00e2n v\u00e0 t\u00ecm ki\u1ebfm nh\u1eefng ph\u1ea7n th\u01b0\u1edfng l\u1edbn h\u01a1n. Kh\u00f4ng c\u00f3 g\u00ec tuy\u1ec7t v\u1eddi h\u01a1n vi\u1ec7c c\u00f3 m\u1ed9t kh\u00f4ng gian linh ho\u1ea1t \u0111\u1ec3 b\u1ea1n c\u00f3 th\u1ec3 tho\u1ea3i m\u00e1i l\u1ef1a ch\u1ecdn tr\u00f2 ch\u01a1i v\u00e0 m\u1ee9c c\u01b0\u1ee3c m\u00e0 m\u00ecnh y\u00eau th\u00edch.<\/p>\n\n\n\n<h2 class=\"wp-block-heading\"><span class=\"ez-toc-section\" id=\"Tips_choi_Casino_khong_bi_%E2%80%9Cduoi_tien%E2%80%9D\"><\/span>Tips ch\u01a1i Casino kh\u00f4ng b\u1ecb \u201c\u0111u\u1ed1i ti\u1ec1n\u201d<span class=\"ez-toc-section-end\"><\/span><\/h2>\n\n\n\n<p>D\u00f9 tham gia v\u00e0o b\u1ea5t k\u1ef3 tr\u00f2 ch\u01a1i n\u00e0o, ng\u01b0\u1eddi ch\u01a1i c\u0169ng c\u1ea7n bi\u1ebft c\u00e1ch qu\u1ea3n l\u00fd ng\u00e2n s\u00e1ch v\u00e0 chi\u1ebfn l\u01b0\u1ee3c ch\u01a1i \u0111\u1ec3 tr\u00e1nh t\u00ecnh tr\u1ea1ng &#8220;\u0111u\u1ed1i ti\u1ec1n&#8221;. D\u01b0\u1edbi \u0111\u00e2y l\u00e0 m\u1ed9t s\u1ed1 tips h\u1eefu \u00edch d\u00e0nh cho b\u1ea1n.<\/p>\n\n\n\n<h3 class=\"wp-block-heading\">Canh b\u00e0i, chia v\u1ed1n, gi\u1eef t\u00e2m l\u00fd v\u1eefng v\u00e0ng<\/h3>\n\n\n\n<p>Vi\u1ec7c canh b\u00e0i v\u00e0 chia v\u1ed1n l\u00e0 r\u1ea5t quan tr\u1ecdng trong b\u1ea5t k\u1ef3 tr\u00f2 ch\u01a1i n\u00e0o. \u0110\u1ea7u ti\u00ean, h\u00e3y x\u00e1c \u0111\u1ecbnh r\u00f5 m\u1ee9c ng\u00e2n s\u00e1ch m\u00e0 b\u1ea1n mu\u1ed1n \u0111\u1ea7u t\u01b0 v\u00e0o tr\u00f2 ch\u01a1i. Sau \u0111\u00f3, chia nh\u1ecf s\u1ed1 ti\u1ec1n \u0111\u00f3 th\u00e0nh t\u1eebng ph\u1ea7n \u0111\u1ec3 c\u00f3 th\u1ec3 s\u1eed d\u1ee5ng trong nhi\u1ec1u v\u00e1n ch\u01a1i kh\u00e1c nhau.<\/p>\n\n\n\n<p>Gi\u1eef t\u00e2m l\u00fd \u1ed5n \u0111\u1ecbnh c\u0169ng l\u00e0 y\u1ebfu t\u1ed1 then ch\u1ed1t. Kh\u00f4ng n\u00ean \u0111\u1ec3 c\u1ea3m x\u00fac chi ph\u1ed1i quy\u1ebft \u0111\u1ecbnh c\u1ee7a b\u1ea1n. Khi th\u1eafng, h\u00e3y bi\u1ebft d\u1eebng l\u1ea1i v\u00e0 kh\u00f4ng n\u00ean qu\u00e1 tham lam. Ng\u01b0\u1ee3c l\u1ea1i, n\u1ebfu thua, \u0111\u1eebng \u0111\u1ec3 s\u1ef1 t\u1ee9c gi\u1eadn d\u1eabn \u0111\u1ebfn nh\u1eefng quy\u1ebft \u0111\u1ecbnh sai l\u1ea7m. Thay v\u00e0o \u0111\u00f3, h\u00e3y b\u00ecnh t\u0129nh ph\u00e2n t\u00edch t\u00ecnh h\u00ecnh v\u00e0 \u0111\u01b0a ra chi\u1ebfn l\u01b0\u1ee3c h\u1ee3p l\u00fd \u0111\u1ec3 ti\u1ebfp t\u1ee5c.<\/p>\n\n\n\n<h3 class=\"wp-block-heading\">T\u1eadn d\u1ee5ng khuy\u1ebfn m\u00e3i khi ch\u01a1i d\u00e0i l\u00e2u<\/h3>\n\n\n\n<p>Casino FFok th\u01b0\u1eddng xuy\u00ean t\u1ed5 ch\u1ee9c c\u00e1c ch\u01b0\u01a1ng tr\u00ecnh khuy\u1ebfn m\u00e3i h\u1ea5p d\u1eabn d\u00e0nh cho ng\u01b0\u1eddi ch\u01a1i. \u0110\u00e2y l\u00e0 c\u01a1 h\u1ed9i tuy\u1ec7t v\u1eddi \u0111\u1ec3 b\u1ea1n gia t\u0103ng ngu\u1ed3n v\u1ed1n v\u00e0 k\u00e9o d\u00e0i th\u1eddi gian ch\u01a1i c\u1ee7a m\u00ecnh.<\/p>\n\n\n\n<p>H\u00e3y th\u01b0\u1eddng xuy\u00ean ki\u1ec3m tra c\u00e1c ch\u01b0\u01a1ng tr\u00ecnh khuy\u1ebfn m\u00e3i, t\u1eeb bonus \u0111\u0103ng k\u00fd cho \u0111\u1ebfn cashback hay free spins. Vi\u1ec7c t\u1eadn d\u1ee5ng c\u00e1c \u01b0u \u0111\u00e3i n\u00e0y s\u1ebd gi\u00fap b\u1ea1n ti\u1ebft ki\u1ec7m \u0111\u01b0\u1ee3c m\u1ed9t kho\u1ea3n ti\u1ec1n \u0111\u00e1ng k\u1ec3 v\u00e0 c\u00f3 nhi\u1ec1u c\u01a1 h\u1ed9i tr\u1ea3i nghi\u1ec7m h\u01a1n trong casino.<\/p>\n\n\n\n<p>H\u01a1n n\u1eefa, tham gia c\u00e1c s\u1ef1 ki\u1ec7n ho\u1eb7c gi\u1ea3i \u0111\u1ea5u c\u0169ng l\u00e0 m\u1ed9t c\u00e1ch hay \u0111\u1ec3 c\u00f3 th\u1ec3 gi\u00e0nh \u0111\u01b0\u1ee3c nh\u1eefng ph\u1ea7n th\u01b0\u1edfng gi\u00e1 tr\u1ecb m\u00e0 kh\u00f4ng t\u1ed1n qu\u00e1 nhi\u1ec1u chi ph\u00ed.<\/p>\n\n\n\n<h2 class=\"wp-block-heading\"><span class=\"ez-toc-section\" id=\"Ket_luan\"><\/span>K\u1ebft lu\u1eadn<span class=\"ez-toc-section-end\"><\/span><\/h2>\n\n\n\n<p>Casino FFok kh\u00f4ng ch\u1ec9 \u0111\u01a1n thu\u1ea7n l\u00e0 m\u1ed9t \u0111\u1ecba \u0111i\u1ec3m \u0111\u1ec3 ch\u01a1i game tr\u1ef1c tuy\u1ebfn m\u00e0 c\u00f2n mang \u0111\u1ebfn m\u1ed9t tr\u1ea3i nghi\u1ec7m s\u1ed1ng \u0111\u1ed9ng v\u00e0 \u0111\u1ea7y th\u00fa v\u1ecb cho t\u1ea5t c\u1ea3 m\u1ecdi ng\u01b0\u1eddi. V\u1edbi s\u1ef1 k\u1ebft h\u1ee3p ho\u00e0n h\u1ea3o gi\u1eefa c\u00f4ng ngh\u1ec7 hi\u1ec7n \u0111\u1ea1i v\u00e0 s\u1ef1 chuy\u00ean nghi\u1ec7p trong d\u1ecbch v\u1ee5, \u0111\u00e2y ch\u00ednh l\u00e0 n\u01a1i l\u00fd t\u01b0\u1edfng \u0111\u1ec3 b\u1ea1n th\u1ecfa s\u1ee9c \u0111am m\u00ea v\u1edbi c\u00e1c tr\u00f2 ch\u01a1i casino y\u00eau th\u00edch.<\/p>\n\n\n","protected":false},"excerpt":{"rendered":"<p>Casino FFok \u2013 Th\u1ebf gi\u1edbi \u0111\u1ecf \u0111en ch\u00e2n th\u1eadt ngay t\u1ea1i nh\u00e0! Casino FFok mang \u0111\u1ebfn cho ng\u01b0\u1eddi ch\u01a1i m\u1ed9t tr\u1ea3i nghi\u1ec7m ho\u00e0n to\u00e0n m\u1edbi m\u1ebb v\u00e0 h\u1ea5p d\u1eabn v\u1edbi nh\u1eefng tr\u00f2 ch\u01a1i casino tr\u1ef1c tuy\u1ebfn \u0111\u01b0\u1ee3c thi\u1ebft k\u1ebf s\u1ed1ng \u0111\u1ed9ng nh\u01b0 \u1edf m\u1ed9t s\u00f2ng b\u1ea1c th\u1ef1c th\u1ee5. H\u00e3y c\u00f9ng kh\u00e1m ph\u00e1 th\u1ebf gi\u1edbi \u0111\u1ecf [&#8230;]\n","protected":false},"author":1,"featured_media":195,"parent":0,"menu_order":0,"comment_status":"closed","ping_status":"closed","template":"","meta":{"footnotes":""},"class_list":["post-42","page","type-page","status-publish","has-post-thumbnail","hentry"],"_links":{"self":[{"href":"https:\/\/checkinhanoi.com\/index.php\/wp-json\/wp\/v2\/pages\/42","targetHints":{"allow":["GET"]}}],"collection":[{"href":"https:\/\/checkinhanoi.com\/index.php\/wp-json\/wp\/v2\/pages"}],"about":[{"href":"https:\/\/checkinhanoi.com\/index.php\/wp-json\/wp\/v2\/types\/page"}],"author":[{"embeddable":true,"href":"https:\/\/checkinhanoi.com\/index.php\/wp-json\/wp\/v2\/users\/1"}],"replies":[{"embeddable":true,"href":"https:\/\/checkinhanoi.com\/index.php\/wp-json\/wp\/v2\/comments?post=42"}],"version-history":[{"count":3,"href":"https:\/\/checkinhanoi.com\/index.php\/wp-json\/wp\/v2\/pages\/42\/revisions"}],"predecessor-version":[{"id":196,"href":"https:\/\/checkinhanoi.com\/index.php\/wp-json\/wp\/v2\/pages\/42\/revisions\/196"}],"wp:featuredmedia":[{"embeddable":true,"href":"https:\/\/checkinhanoi.com\/index.php\/wp-json\/wp\/v2\/media\/195"}],"wp:attachment":[{"href":"https:\/\/checkinhanoi.com\/index.php\/wp-json\/wp\/v2\/media?parent=42"}],"curies":[{"name":"wp","href":"https:\/\/api.w.org\/{rel}","templated":true}]}}