{"id":44,"date":"2025-04-05T05:21:57","date_gmt":"2025-04-05T05:21:57","guid":{"rendered":"https:\/\/checkinhanoi.com\/?page_id=44"},"modified":"2025-04-07T05:17:29","modified_gmt":"2025-04-07T05:17:29","slug":"nap-tien-ffok","status":"publish","type":"page","link":"https:\/\/checkinhanoi.com\/index.php\/nap-tien-ffok\/","title":{"rendered":"N\u1ea1p Ti\u1ec1n FFok \u2013 Si\u00eau nhanh, si\u00eau ti\u1ec7n, ch\u01a1i li\u1ec1n tay!"},"content":{"rendered":"\n<h1 class=\"wp-block-heading\"><span class=\"ez-toc-section\" id=\"Nap_Tien_FFok_%E2%80%93_Sieu_nhanh_sieu_tien_choi_lien_tay\"><\/span>N\u1ea1p Ti\u1ec1n FFok \u2013 Si\u00eau nhanh, si\u00eau ti\u1ec7n, ch\u01a1i li\u1ec1n tay!<span class=\"ez-toc-section-end\"><\/span><\/h1>\n\n\n\n<figure class=\"wp-block-image aligncenter size-full\"><img loading=\"lazy\" decoding=\"async\" width=\"800\" height=\"450\" src=\"https:\/\/checkinhanoi.com\/wp-content\/uploads\/2025\/04\/nap-tien.jpg\" alt=\"N\u1ea1p Ti\u1ec1n FFok \u2013 Si\u00eau nhanh, si\u00eau ti\u1ec7n, ch\u01a1i li\u1ec1n tay!\" class=\"wp-image-157\" srcset=\"https:\/\/checkinhanoi.com\/wp-content\/uploads\/2025\/04\/nap-tien.jpg 800w, https:\/\/checkinhanoi.com\/wp-content\/uploads\/2025\/04\/nap-tien-300x169.jpg 300w, https:\/\/checkinhanoi.com\/wp-content\/uploads\/2025\/04\/nap-tien-768x432.jpg 768w\" sizes=\"auto, (max-width: 800px) 100vw, 800px\" \/><figcaption class=\"wp-element-caption\">N\u1ea1p Ti\u1ec1n FFok \u2013 Si\u00eau nhanh, si\u00eau ti\u1ec7n, ch\u01a1i li\u1ec1n tay!<\/figcaption><\/figure>\n\n\n\n<p><a href=\"https:\/\/checkinhanoi.com\/index.php\/nap-tien-ffok\/\"><strong>N\u1ea1p ti\u1ec1n FFok<\/strong><\/a> l\u00e0 m\u1ed9t trong nh\u1eefng nhu c\u1ea7u thi\u1ebft y\u1ebfu c\u1ee7a ng\u01b0\u1eddi ch\u01a1i game hi\u1ec7n nay. V\u1edbi s\u1ef1 ph\u00e1t tri\u1ec3n m\u1ea1nh m\u1ebd c\u1ee7a c\u00f4ng ngh\u1ec7 v\u00e0 nhu c\u1ea7u gi\u1ea3i tr\u00ed ng\u00e0y c\u00e0ng t\u0103ng, vi\u1ec7c n\u1ea1p ti\u1ec1n v\u00e0o c\u00e1c n\u1ec1n t\u1ea3ng game tr\u1ef1c tuy\u1ebfn \u0111\u00e3 tr\u1edf n\u00ean d\u1ec5 d\u00e0ng v\u00e0 nhanh ch\u00f3ng h\u01a1n bao gi\u1edd h\u1ebft. B\u00e0i vi\u1ebft n\u00e0y s\u1ebd gi\u00fap b\u1ea1n hi\u1ec3u r\u00f5 v\u1ec1 c\u00e1c ph\u01b0\u01a1ng th\u1ee9c n\u1ea1p ti\u1ec1n t\u1ea1i FFok, h\u01b0\u1edbng d\u1eabn n\u1ea1p ti\u1ec1n cho ng\u01b0\u1eddi m\u1edbi v\u00e0 l\u01b0u \u00fd khi th\u1ef1c hi\u1ec7n giao d\u1ecbch \u0111\u1ec3 tr\u00e1nh nh\u1eefng r\u1eafc r\u1ed1i kh\u00f4ng \u0111\u00e1ng c\u00f3.<\/p><div id=\"ez-toc-container\" class=\"ez-toc-v2_0_82_2 ez-toc-wrap-center counter-hierarchy ez-toc-counter ez-toc-grey ez-toc-container-direction\">\n<div class=\"ez-toc-title-container\">\n<p class=\"ez-toc-title\" style=\"cursor:inherit\">T\u00f3m t\u1eaft<\/p>\n<span class=\"ez-toc-title-toggle\"><a href=\"#\" class=\"ez-toc-pull-right ez-toc-btn ez-toc-btn-xs ez-toc-btn-default ez-toc-toggle\" aria-label=\"Toggle Table of Content\"><span class=\"ez-toc-js-icon-con\"><span class=\"\"><span class=\"eztoc-hide\" style=\"display:none;\">Toggle<\/span><span class=\"ez-toc-icon-toggle-span\"><svg style=\"fill: #999;color:#999\" xmlns=\"http:\/\/www.w3.org\/2000\/svg\" class=\"list-377408\" width=\"20px\" height=\"20px\" viewBox=\"0 0 24 24\" fill=\"none\"><path d=\"M6 6H4v2h2V6zm14 0H8v2h12V6zM4 11h2v2H4v-2zm16 0H8v2h12v-2zM4 16h2v2H4v-2zm16 0H8v2h12v-2z\" fill=\"currentColor\"><\/path><\/svg><svg style=\"fill: #999;color:#999\" class=\"arrow-unsorted-368013\" xmlns=\"http:\/\/www.w3.org\/2000\/svg\" width=\"10px\" height=\"10px\" viewBox=\"0 0 24 24\" version=\"1.2\" baseProfile=\"tiny\"><path d=\"M18.2 9.3l-6.2-6.3-6.2 6.3c-.2.2-.3.4-.3.7s.1.5.3.7c.2.2.4.3.7.3h11c.3 0 .5-.1.7-.3.2-.2.3-.5.3-.7s-.1-.5-.3-.7zM5.8 14.7l6.2 6.3 6.2-6.3c.2-.2.3-.5.3-.7s-.1-.5-.3-.7c-.2-.2-.4-.3-.7-.3h-11c-.3 0-.5.1-.7.3-.2.2-.3.5-.3.7s.1.5.3.7z\"\/><\/svg><\/span><\/span><\/span><\/a><\/span><\/div>\n<nav><ul class='ez-toc-list ez-toc-list-level-1 ' ><li class='ez-toc-page-1 ez-toc-heading-level-1'><a class=\"ez-toc-link ez-toc-heading-1\" href=\"https:\/\/checkinhanoi.com\/index.php\/nap-tien-ffok\/#Nap_Tien_FFok_%E2%80%93_Sieu_nhanh_sieu_tien_choi_lien_tay\" >N\u1ea1p Ti\u1ec1n FFok \u2013 Si\u00eau nhanh, si\u00eau ti\u1ec7n, ch\u01a1i li\u1ec1n tay!<\/a><ul class='ez-toc-list-level-2' ><li class='ez-toc-heading-level-2'><a class=\"ez-toc-link ez-toc-heading-2\" href=\"https:\/\/checkinhanoi.com\/index.php\/nap-tien-ffok\/#Cac_phuong_thuc_nap_tien_tai_FFok\" >C\u00e1c ph\u01b0\u01a1ng th\u1ee9c n\u1ea1p ti\u1ec1n t\u1ea1i FFok<\/a><\/li><li class='ez-toc-page-1 ez-toc-heading-level-2'><a class=\"ez-toc-link ez-toc-heading-3\" href=\"https:\/\/checkinhanoi.com\/index.php\/nap-tien-ffok\/#Huong_dan_nap_tien_don_gian_cho_nguoi_moi\" >H\u01b0\u1edbng d\u1eabn n\u1ea1p ti\u1ec1n \u0111\u01a1n gi\u1ea3n cho ng\u01b0\u1eddi m\u1edbi<\/a><\/li><li class='ez-toc-page-1 ez-toc-heading-level-2'><a class=\"ez-toc-link ez-toc-heading-4\" href=\"https:\/\/checkinhanoi.com\/index.php\/nap-tien-ffok\/#Luu_y_khi_nap_tien_de_khong_bi_gian_doan\" >L\u01b0u \u00fd khi n\u1ea1p ti\u1ec1n \u0111\u1ec3 kh\u00f4ng b\u1ecb gi\u00e1n \u0111o\u1ea1n<\/a><\/li><li class='ez-toc-page-1 ez-toc-heading-level-2'><a class=\"ez-toc-link ez-toc-heading-5\" href=\"https:\/\/checkinhanoi.com\/index.php\/nap-tien-ffok\/#Ket_luan\" >K\u1ebft lu\u1eadn<\/a><\/li><\/ul><\/li><\/ul><\/nav><\/div>\n\n\n\n\n<h2 class=\"wp-block-heading\"><span class=\"ez-toc-section\" id=\"Cac_phuong_thuc_nap_tien_tai_FFok\"><\/span>C\u00e1c ph\u01b0\u01a1ng th\u1ee9c n\u1ea1p ti\u1ec1n t\u1ea1i FFok<span class=\"ez-toc-section-end\"><\/span><\/h2>\n\n\n\n<p><a href=\"https:\/\/checkinhanoi.com\/\"><strong>FFok<\/strong><\/a> cung c\u1ea5p \u0111a d\u1ea1ng c\u00e1c ph\u01b0\u01a1ng th\u1ee9c n\u1ea1p ti\u1ec1n nh\u1eb1m \u0111\u00e1p \u1ee9ng nhu c\u1ea7u c\u1ee7a ng\u01b0\u1eddi d\u00f9ng m\u1ed9t c\u00e1ch t\u1ed1i \u01b0u nh\u1ea5t. B\u1ea1n c\u00f3 th\u1ec3 l\u1ef1a ch\u1ecdn gi\u1eefa chuy\u1ec3n kho\u1ea3n ng\u00e2n h\u00e0ng, v\u00ed \u0111i\u1ec7n t\u1eed hay m\u00e3 QR, m\u1ed7i ph\u01b0\u01a1ng th\u1ee9c \u0111\u1ec1u c\u00f3 nh\u1eefng l\u1ee3i \u00edch ri\u00eang bi\u1ec7t, gi\u00fap b\u1ea1n n\u1ea1p ti\u1ec1n m\u1ed9t c\u00e1ch nhanh ch\u00f3ng v\u00e0 an to\u00e0n.<\/p>\n\n\n\n<h3 class=\"wp-block-heading\">Chuy\u1ec3n kho\u1ea3n ng\u00e2n h\u00e0ng, v\u00ed \u0111i\u1ec7n t\u1eed, m\u00e3 QR<\/h3>\n\n\n\n<p>Chuy\u1ec3n kho\u1ea3n ng\u00e2n h\u00e0ng l\u00e0 m\u1ed9t trong nh\u1eefng ph\u01b0\u01a1ng th\u1ee9c truy\u1ec1n th\u1ed1ng nh\u01b0ng v\u1eabn \u0111\u01b0\u1ee3c nhi\u1ec1u ng\u01b0\u1eddi \u01b0a chu\u1ed9ng. B\u1ea1n ch\u1ec9 c\u1ea7n nh\u1eadp th\u00f4ng tin t\u00e0i kho\u1ea3n v\u00e0 s\u1ed1 ti\u1ec1n mu\u1ed1n n\u1ea1p, giao d\u1ecbch s\u1ebd \u0111\u01b0\u1ee3c th\u1ef1c hi\u1ec7n ngay l\u1eadp t\u1ee9c. Tuy nhi\u00ean, th\u1eddi gian ch\u1edd \u0111\u1ee3i x\u00e1c nh\u1eadn c\u00f3 th\u1ec3 t\u1eeb v\u00e0i ph\u00fat \u0111\u1ebfn v\u00e0i ti\u1ebfng t\u00f9y thu\u1ed9c v\u00e0o ng\u00e2n h\u00e0ng m\u00e0 b\u1ea1n s\u1eed d\u1ee5ng.<\/p>\n\n\n\n<p>V\u00ed \u0111i\u1ec7n t\u1eed c\u0169ng \u0111ang tr\u1edf th\u00e0nh m\u1ed9t xu h\u01b0\u1edbng ph\u1ed5 bi\u1ebfn. V\u1edbi c\u00e1c d\u1ecbch v\u1ee5 nh\u01b0 MoMo, ZaloPay hay AirPay, b\u1ea1n ch\u1ec9 c\u1ea7n li\u00ean k\u1ebft t\u00e0i kho\u1ea3n c\u1ee7a m\u00ecnh v\u1edbi v\u00ed \u0111i\u1ec7n t\u1eed v\u00e0 th\u1ef1c hi\u1ec7n giao d\u1ecbch m\u1ed9t c\u00e1ch nhanh ch\u00f3ng. \u0110i\u1ec3m n\u1ed5i b\u1eadt c\u1ee7a ph\u01b0\u01a1ng th\u1ee9c n\u00e0y l\u00e0 t\u1ed1c \u0111\u1ed9 x\u1eed l\u00fd giao d\u1ecbch g\u1ea7n nh\u01b0 ngay l\u1eadp t\u1ee9c, gi\u00fap b\u1ea1n c\u00f3 th\u1ec3 tham gia tr\u00f2 ch\u01a1i m\u00e0 kh\u00f4ng ph\u1ea3i ch\u1edd \u0111\u1ee3i l\u00e2u.<\/p>\n\n\n\n<p>M\u00e3 QR l\u00e0 m\u1ed9t c\u00f4ng ngh\u1ec7 m\u1edbi m\u1ebb nh\u01b0ng \u0111ang d\u1ea7n tr\u1edf n\u00ean quen thu\u1ed9c v\u1edbi ng\u01b0\u1eddi d\u00f9ng. B\u1ea1n ch\u1ec9 c\u1ea7n qu\u00e9t m\u00e3 QR tr\u00ean n\u1ec1n t\u1ea3ng FFok v\u00e0 x\u00e1c nh\u1eadn giao d\u1ecbch l\u00e0 \u0111\u00e3 ho\u00e0n t\u1ea5t n\u1ea1p ti\u1ec1n. Ph\u01b0\u01a1ng th\u1ee9c n\u00e0y kh\u00f4ng ch\u1ec9 nhanh ch\u00f3ng m\u00e0 c\u00f2n an to\u00e0n, h\u1ea1n ch\u1ebf t\u1ed1i \u0111a sai s\u00f3t trong qu\u00e1 tr\u00ecnh nh\u1eadp li\u1ec7u.<\/p>\n\n\n\n<h3 class=\"wp-block-heading\">Giao d\u1ecbch t\u1ef1 \u0111\u1ed9ng, x\u00e1c nh\u1eadn ch\u1ec9 v\u00e0i gi\u00e2y<\/h3>\n\n\n\n<p>M\u1ed9t trong nh\u1eefng \u01b0u \u0111i\u1ec3m l\u1edbn nh\u1ea5t khi n\u1ea1p ti\u1ec1n t\u1ea1i FFok ch\u00ednh l\u00e0 h\u1ec7 th\u1ed1ng giao d\u1ecbch t\u1ef1 \u0111\u1ed9ng. Thay v\u00ec ph\u1ea3i ch\u1edd \u0111\u1ee3i x\u00e1c nh\u1eadn t\u1eeb nh\u00e2n vi\u00ean, b\u1ea1n s\u1ebd nh\u1eadn \u0111\u01b0\u1ee3c th\u00f4ng b\u00e1o giao d\u1ecbch th\u00e0nh c\u00f4ng ch\u1ec9 sau v\u00e0i gi\u00e2y. \u0110i\u1ec1u n\u00e0y gi\u00fap ti\u1ebft ki\u1ec7m th\u1eddi gian v\u00e0 mang l\u1ea1i s\u1ef1 ti\u1ec7n l\u1ee3i t\u1ed1i \u0111a cho ng\u01b0\u1eddi ch\u01a1i.<\/p>\n\n\n\n<p>H\u1ec7 th\u1ed1ng giao d\u1ecbch t\u1ef1 \u0111\u1ed9ng c\u0169ng gi\u00fap gi\u1ea3m thi\u1ec3u r\u1ee7i ro v\u1ec1 sai s\u00f3t trong qu\u00e1 tr\u00ecnh n\u1ea1p ti\u1ec1n. Nh\u1edd v\u00e0o c\u00e1c thu\u1eadt to\u00e1n th\u00f4ng minh, m\u1ecdi giao d\u1ecbch s\u1ebd \u0111\u01b0\u1ee3c ki\u1ec3m tra v\u00e0 x\u00e1c nh\u1eadn t\u1ef1 \u0111\u1ed9ng, \u0111\u1ea3m b\u1ea3o t\u00ednh ch\u00ednh x\u00e1c cao. \u0110i\u1ec1u n\u00e0y kh\u00f4ng ch\u1ec9 l\u00e0m cho quy tr\u00ecnh n\u1ea1p ti\u1ec1n tr\u1edf n\u00ean d\u1ec5 d\u00e0ng h\u01a1n m\u00e0 c\u00f2n t\u0103ng c\u01b0\u1eddng \u0111\u1ed9 tin c\u1eady cho ng\u01b0\u1eddi d\u00f9ng.<\/p>\n\n\n\n<p>Ngo\u00e0i ra, giao d\u1ecbch t\u1ef1 \u0111\u1ed9ng c\u0169ng cho ph\u00e9p b\u1ea1n th\u1ef1c hi\u1ec7n n\u1ea1p ti\u1ec1n b\u1ea5t c\u1ee9 l\u00fac n\u00e0o, k\u1ec3 c\u1ea3 v\u00e0o nh\u1eefng gi\u1edd cao \u0111i\u1ec3m khi l\u01b0\u1ee3ng ng\u01b0\u1eddi d\u00f9ng truy c\u1eadp \u0111\u00f4ng. B\u1ea1n s\u1ebd kh\u00f4ng c\u1ea7n ph\u1ea3i lo l\u1eafng v\u1ec1 vi\u1ec7c ch\u1edd \u0111\u1ee3i hay b\u1ecb gi\u00e1n \u0111o\u1ea1n trong qu\u00e1 tr\u00ecnh ch\u01a1i game.<\/p>\n\n\n\n<h2 class=\"wp-block-heading\"><span class=\"ez-toc-section\" id=\"Huong_dan_nap_tien_don_gian_cho_nguoi_moi\"><\/span>H\u01b0\u1edbng d\u1eabn n\u1ea1p ti\u1ec1n \u0111\u01a1n gi\u1ea3n cho ng\u01b0\u1eddi m\u1edbi<span class=\"ez-toc-section-end\"><\/span><\/h2>\n\n\n\n<p>D\u01b0\u1edbi \u0111\u00e2y l\u00e0 h\u01b0\u1edbng d\u1eabn t\u1eebng b\u01b0\u1edbc \u0111\u1ec3 b\u1ea1n c\u00f3 th\u1ec3 n\u1ea1p ti\u1ec1n v\u00e0o t\u00e0i kho\u1ea3n FFok m\u1ed9t c\u00e1ch d\u1ec5 d\u00e0ng v\u00e0 nhanh ch\u00f3ng, \u0111\u1eb7c bi\u1ec7t l\u00e0 \u0111\u1ed1i v\u1edbi nh\u1eefng ai m\u1edbi b\u1eaft \u0111\u1ea7u.<\/p>\n\n\n\n<h3 class=\"wp-block-heading\">T\u1eebng b\u01b0\u1edbc thao t\u00e1c r\u00f5 r\u00e0ng \u2013 kh\u00f4ng lo sai<\/h3>\n\n\n\n<p>B\u01b0\u1edbc \u0111\u1ea7u ti\u00ean trong qu\u00e1 tr\u00ecnh n\u1ea1p ti\u1ec1n l\u00e0 \u0111\u0103ng nh\u1eadp v\u00e0o t\u00e0i kho\u1ea3n FFok c\u1ee7a b\u1ea1n. Sau khi \u0111\u00e3 \u0111\u0103ng nh\u1eadp th\u00e0nh c\u00f4ng, b\u1ea1n t\u00ecm ki\u1ebfm m\u1ee5c &#8220;N\u1ea1p ti\u1ec1n&#8221; tr\u00ean giao di\u1ec7n ch\u00ednh. Giao di\u1ec7n s\u1ebd hi\u1ec3n th\u1ecb c\u00e1c ph\u01b0\u01a1ng th\u1ee9c n\u1ea1p ti\u1ec1n kh\u00e1c nhau \u0111\u1ec3 b\u1ea1n l\u1ef1a ch\u1ecdn.<\/p>\n\n\n\n<p>N\u1ebfu b\u1ea1n ch\u1ecdn chuy\u1ec3n kho\u1ea3n ng\u00e2n h\u00e0ng, h\u00e3y \u0111i\u1ec1n th\u00f4ng tin t\u00e0i kho\u1ea3n c\u1ee7a b\u1ea1n c\u00f9ng v\u1edbi s\u1ed1 ti\u1ec1n mu\u1ed1n n\u1ea1p. \u0110\u1ea3m b\u1ea3o r\u1eb1ng b\u1ea1n \u0111\u00e3 ki\u1ec3m tra k\u1ef9 th\u00f4ng tin tr\u01b0\u1edbc khi g\u1eedi y\u00eau c\u1ea7u. N\u1ebfu b\u1ea1n ch\u1ecdn v\u00ed \u0111i\u1ec7n t\u1eed, ch\u1ec9 c\u1ea7n b\u1ea5m v\u00e0o bi\u1ec3u t\u01b0\u1ee3ng c\u1ee7a v\u00ed v\u00e0 nh\u1eadp s\u1ed1 ti\u1ec1n l\u00e0 xong. C\u00f2n n\u1ebfu s\u1eed d\u1ee5ng m\u00e3 QR, b\u1ea1n ch\u1ec9 c\u1ea7n qu\u00e9t m\u00e3 v\u00e0 x\u00e1c nh\u1eadn l\u00e0 ho\u00e0n t\u1ea5t.<\/p>\n\n\n\n<p>Sau khi g\u1eedi y\u00eau c\u1ea7u n\u1ea1p ti\u1ec1n, b\u1ea1n s\u1ebd nh\u1eadn \u0111\u01b0\u1ee3c th\u00f4ng b\u00e1o x\u00e1c nh\u1eadn t\u1eeb h\u1ec7 th\u1ed1ng. H\u00e3y ki\u1ec3m tra k\u1ef9 l\u1ea1i th\u00f4ng tin v\u00e0 theo d\u00f5i tr\u1ea1ng th\u00e1i giao d\u1ecbch \u0111\u1ec3 \u0111\u1ea3m b\u1ea3o m\u1ecdi th\u1ee9 di\u1ec5n ra su\u00f4n s\u1ebb.<\/p>\n\n\n\n<h3 class=\"wp-block-heading\">M\u1eb9o ki\u1ec3m tra giao d\u1ecbch \u0111\u1ec3 tr\u00e1nh l\u1ed7i<\/h3>\n\n\n\n<p>Vi\u1ec7c n\u1ea1p ti\u1ec1n c\u00f3 th\u1ec3 g\u1eb7p m\u1ed9t s\u1ed1 l\u1ed7i ngo\u00e0i \u00fd mu\u1ed1n, do \u0111\u00f3, b\u1ea1n n\u00ean c\u00f3 m\u1ed9t s\u1ed1 m\u1eb9o \u0111\u1ec3 ki\u1ec3m tra giao d\u1ecbch. \u0110\u1ea7u ti\u00ean, h\u00e3y lu\u00f4n gi\u1eef l\u1ea1i bi\u00ean lai ho\u1eb7c ch\u1ee9ng t\u1eeb giao d\u1ecbch t\u1eeb ng\u00e2n h\u00e0ng ho\u1eb7c v\u00ed \u0111i\u1ec7n t\u1eed. Vi\u1ec7c n\u00e0y s\u1ebd gi\u00fap b\u1ea1n c\u00f3 b\u1eb1ng ch\u1ee9ng n\u1ebfu c\u00f3 v\u1ea5n \u0111\u1ec1 x\u1ea3y ra.<\/p>\n\n\n\n<p>Th\u1ee9 hai, th\u01b0\u1eddng xuy\u00ean ki\u1ec3m tra l\u1ecbch s\u1eed giao d\u1ecbch tr\u00ean t\u00e0i kho\u1ea3n FFok c\u1ee7a b\u1ea1n. N\u1ebfu th\u1ea5y b\u1ea5t k\u1ef3 giao d\u1ecbch n\u00e0o kh\u00f4ng h\u1ee3p l\u1ec7 ho\u1eb7c kh\u00f4ng kh\u1edbp v\u1edbi s\u1ed1 ti\u1ec1n n\u1ea1p, h\u00e3y li\u00ean h\u1ec7 ngay v\u1edbi b\u1ed9 ph\u1eadn h\u1ed7 tr\u1ee3 kh\u00e1ch h\u00e0ng \u0111\u1ec3 \u0111\u01b0\u1ee3c gi\u1ea3i quy\u1ebft k\u1ecbp th\u1eddi.<\/p>\n\n\n\n<p>Cu\u1ed1i c\u00f9ng, h\u00e3y th\u1ef1c hi\u1ec7n n\u1ea1p ti\u1ec1n v\u00e0o nh\u1eefng khung th\u1eddi gian \u00edt ng\u01b0\u1eddi s\u1eed d\u1ee5ng, nh\u1eb1m tr\u00e1nh t\u00ecnh tr\u1ea1ng qu\u00e1 t\u1ea3i h\u1ec7 th\u1ed1ng. \u0110i\u1ec1u n\u00e0y s\u1ebd gi\u00fap qu\u00e1 tr\u00ecnh n\u1ea1p ti\u1ec1n di\u1ec5n ra su\u00f4n s\u1ebb v\u00e0 nhanh ch\u00f3ng h\u01a1n.<\/p>\n\n\n\n<h2 class=\"wp-block-heading\"><span class=\"ez-toc-section\" id=\"Luu_y_khi_nap_tien_de_khong_bi_gian_doan\"><\/span>L\u01b0u \u00fd khi n\u1ea1p ti\u1ec1n \u0111\u1ec3 kh\u00f4ng b\u1ecb gi\u00e1n \u0111o\u1ea1n<span class=\"ez-toc-section-end\"><\/span><\/h2>\n\n\n\n<p>\u0110\u1ec3 tr\u00e1nh nh\u1eefng gi\u00e1n \u0111o\u1ea1n kh\u00f4ng c\u1ea7n thi\u1ebft trong qu\u00e1 tr\u00ecnh n\u1ea1p ti\u1ec1n t\u1ea1i FFok, b\u1ea1n c\u1ea7n ghi nh\u1edb m\u1ed9t s\u1ed1 l\u01b0u \u00fd quan tr\u1ecdng d\u01b0\u1edbi \u0111\u00e2y.<\/p>\n\n\n\n<h3 class=\"wp-block-heading\">Ki\u1ec3m tra th\u00f4ng tin k\u1ef9 tr\u01b0\u1edbc khi chuy\u1ec3n kho\u1ea3n<\/h3>\n\n\n\n<p>Tr\u01b0\u1edbc khi th\u1ef1c hi\u1ec7n giao d\u1ecbch, h\u00e3y ch\u1eafc ch\u1eafn r\u1eb1ng b\u1ea1n \u0111\u00e3 ki\u1ec3m tra k\u1ef9 t\u1ea5t c\u1ea3 th\u00f4ng tin li\u00ean quan, bao g\u1ed3m s\u1ed1 t\u00e0i kho\u1ea3n, s\u1ed1 ti\u1ec1n v\u00e0 n\u1ed9i dung chuy\u1ec3n kho\u1ea3n. M\u1ed9t sai s\u00f3t nh\u1ecf c\u00f3 th\u1ec3 d\u1eabn \u0111\u1ebfn h\u1eadu qu\u1ea3 nghi\u00eam tr\u1ecdng, nh\u01b0 ti\u1ec1n kh\u00f4ng \u0111\u01b0\u1ee3c n\u1ea1p v\u00e0o t\u00e0i kho\u1ea3n ho\u1eb7c th\u1eadm ch\u00ed m\u1ea5t ti\u1ec1n oan.<\/p>\n\n\n\n<p>Ngo\u00e0i ra, b\u1ea1n c\u0169ng n\u00ean ch\u00fa \u00fd \u0111\u1ebfn th\u1eddi gian giao d\u1ecbch c\u1ee7a ng\u00e2n h\u00e0ng. M\u1ed9t s\u1ed1 ng\u00e2n h\u00e0ng c\u00f3 th\u1ec3 kh\u00f4ng h\u1ed7 tr\u1ee3 giao d\u1ecbch v\u00e0o cu\u1ed1i tu\u1ea7n ho\u1eb7c ng\u00e0y l\u1ec5, \u0111i\u1ec1u n\u00e0y c\u00f3 th\u1ec3 g\u00e2y ra s\u1ef1 ch\u1eadm tr\u1ec5 trong vi\u1ec7c n\u1ea1p ti\u1ec1n.<\/p>\n\n\n\n<h3 class=\"wp-block-heading\">Li\u00ean h\u1ec7 h\u1ed7 tr\u1ee3 li\u1ec1n n\u1ebfu c\u00f3 v\u1ea5n \u0111\u1ec1 ph\u00e1t sinh<\/h3>\n\n\n\n<p>N\u1ebfu trong qu\u00e1 tr\u00ecnh n\u1ea1p ti\u1ec1n b\u1ea1n g\u1eb7p ph\u1ea3i b\u1ea5t k\u1ef3 v\u1ea5n \u0111\u1ec1 g\u00ec, h\u00e3y li\u00ean h\u1ec7 ngay v\u1edbi b\u1ed9 ph\u1eadn h\u1ed7 tr\u1ee3 kh\u00e1ch h\u00e0ng c\u1ee7a FFok. H\u1ecd s\u1ebd s\u1eb5n s\u00e0ng gi\u00fap \u0111\u1ee1 b\u1ea1n trong m\u1ecdi t\u00ecnh hu\u1ed1ng v\u00e0 \u0111\u1ea3m b\u1ea3o r\u1eb1ng b\u1ea1n s\u1ebd kh\u00f4ng g\u1eb7p ph\u1ea3i kh\u00f3 kh\u0103n n\u00e0o trong vi\u1ec7c ch\u01a1i game.<\/p>\n\n\n\n<p>B\u1ea1n c\u00f3 th\u1ec3 li\u00ean h\u1ec7 qua hotline, email ho\u1eb7c chat tr\u1ef1c ti\u1ebfp tr\u00ean trang web. \u0110\u1ed9i ng\u0169 h\u1ed7 tr\u1ee3 th\u01b0\u1eddng r\u1ea5t nhi\u1ec7t t\u00ecnh v\u00e0 chuy\u00ean nghi\u1ec7p, h\u1ecd s\u1ebd nhanh ch\u00f3ng gi\u1ea3i quy\u1ebft t\u00ecnh hu\u1ed1ng c\u1ee7a b\u1ea1n, gi\u00fap b\u1ea1n quay tr\u1edf l\u1ea1i v\u1edbi nh\u1eefng tr\u1eadn \u0111\u1ea5u h\u1ea5p d\u1eabn.<\/p>\n\n\n\n<h2 class=\"wp-block-heading\"><span class=\"ez-toc-section\" id=\"Ket_luan\"><\/span>K\u1ebft lu\u1eadn<span class=\"ez-toc-section-end\"><\/span><\/h2>\n\n\n\n<p>N\u1ea1p ti\u1ec1n FFok kh\u00f4ng ch\u1ec9 \u0111\u01a1n thu\u1ea7n l\u00e0 m\u1ed9t quy tr\u00ecnh m\u00e0 c\u00f2n th\u1ec3 hi\u1ec7n s\u1ef1 thu\u1eadn ti\u1ec7n v\u00e0 nhanh ch\u00f3ng cho ng\u01b0\u1eddi d\u00f9ng. V\u1edbi nhi\u1ec1u ph\u01b0\u01a1ng th\u1ee9c n\u1ea1p ti\u1ec1n \u0111a d\u1ea1ng, giao d\u1ecbch t\u1ef1 \u0111\u1ed9ng nhanh ch\u00f3ng, c\u00f9ng v\u1edbi h\u01b0\u1edbng d\u1eabn r\u00f5 r\u00e0ng cho ng\u01b0\u1eddi m\u1edbi, FFok \u0111ang kh\u00f4ng ng\u1eebng c\u1ea3i thi\u1ec7n tr\u1ea3i nghi\u1ec7m c\u1ee7a ng\u01b0\u1eddi ch\u01a1i.<\/p>\n\n\n","protected":false},"excerpt":{"rendered":"<p>N\u1ea1p Ti\u1ec1n FFok \u2013 Si\u00eau nhanh, si\u00eau ti\u1ec7n, ch\u01a1i li\u1ec1n tay! N\u1ea1p ti\u1ec1n FFok l\u00e0 m\u1ed9t trong nh\u1eefng nhu c\u1ea7u thi\u1ebft y\u1ebfu c\u1ee7a ng\u01b0\u1eddi ch\u01a1i game hi\u1ec7n nay. V\u1edbi s\u1ef1 ph\u00e1t tri\u1ec3n m\u1ea1nh m\u1ebd c\u1ee7a c\u00f4ng ngh\u1ec7 v\u00e0 nhu c\u1ea7u gi\u1ea3i tr\u00ed ng\u00e0y c\u00e0ng t\u0103ng, vi\u1ec7c n\u1ea1p ti\u1ec1n v\u00e0o c\u00e1c n\u1ec1n t\u1ea3ng game tr\u1ef1c tuy\u1ebfn [&#8230;]\n","protected":false},"author":1,"featured_media":157,"parent":0,"menu_order":0,"comment_status":"closed","ping_status":"closed","template":"","meta":{"footnotes":""},"class_list":["post-44","page","type-page","status-publish","has-post-thumbnail","hentry"],"_links":{"self":[{"href":"https:\/\/checkinhanoi.com\/index.php\/wp-json\/wp\/v2\/pages\/44","targetHints":{"allow":["GET"]}}],"collection":[{"href":"https:\/\/checkinhanoi.com\/index.php\/wp-json\/wp\/v2\/pages"}],"about":[{"href":"https:\/\/checkinhanoi.com\/index.php\/wp-json\/wp\/v2\/types\/page"}],"author":[{"embeddable":true,"href":"https:\/\/checkinhanoi.com\/index.php\/wp-json\/wp\/v2\/users\/1"}],"replies":[{"embeddable":true,"href":"https:\/\/checkinhanoi.com\/index.php\/wp-json\/wp\/v2\/comments?post=44"}],"version-history":[{"count":3,"href":"https:\/\/checkinhanoi.com\/index.php\/wp-json\/wp\/v2\/pages\/44\/revisions"}],"predecessor-version":[{"id":161,"href":"https:\/\/checkinhanoi.com\/index.php\/wp-json\/wp\/v2\/pages\/44\/revisions\/161"}],"wp:featuredmedia":[{"embeddable":true,"href":"https:\/\/checkinhanoi.com\/index.php\/wp-json\/wp\/v2\/media\/157"}],"wp:attachment":[{"href":"https:\/\/checkinhanoi.com\/index.php\/wp-json\/wp\/v2\/media?parent=44"}],"curies":[{"name":"wp","href":"https:\/\/api.w.org\/{rel}","templated":true}]}}