{"id":63,"date":"2025-04-05T05:38:38","date_gmt":"2025-04-05T05:38:38","guid":{"rendered":"https:\/\/checkinhanoi.com\/?page_id=63"},"modified":"2025-04-07T05:42:19","modified_gmt":"2025-04-07T05:42:19","slug":"dang-nhap-ffok","status":"publish","type":"page","link":"https:\/\/checkinhanoi.com\/index.php\/dang-nhap-ffok\/","title":{"rendered":"\u0110\u0103ng Nh\u1eadp FFok \u2013 V\u00e0o l\u00e0 ch\u01a1i li\u1ec1n, ch\u1edd g\u00ec n\u1eefa?"},"content":{"rendered":"\n<h1 class=\"wp-block-heading\"><span class=\"ez-toc-section\" id=\"Dang_Nhap_FFok_%E2%80%93_Vao_la_choi_lien_cho_gi_nua\"><\/span>\u0110\u0103ng Nh\u1eadp FFok \u2013 V\u00e0o l\u00e0 ch\u01a1i li\u1ec1n, ch\u1edd g\u00ec n\u1eefa?<span class=\"ez-toc-section-end\"><\/span><\/h1>\n\n\n\n<figure class=\"wp-block-image aligncenter size-full\"><img loading=\"lazy\" decoding=\"async\" width=\"800\" height=\"450\" src=\"https:\/\/checkinhanoi.com\/wp-content\/uploads\/2025\/04\/dang-nhap.jpg\" alt=\"\u0110\u0103ng Nh\u1eadp FFok \u2013 V\u00e0o l\u00e0 ch\u01a1i li\u1ec1n, ch\u1edd g\u00ec n\u1eefa?\" class=\"wp-image-182\" srcset=\"https:\/\/checkinhanoi.com\/wp-content\/uploads\/2025\/04\/dang-nhap.jpg 800w, https:\/\/checkinhanoi.com\/wp-content\/uploads\/2025\/04\/dang-nhap-300x169.jpg 300w, https:\/\/checkinhanoi.com\/wp-content\/uploads\/2025\/04\/dang-nhap-768x432.jpg 768w\" sizes=\"auto, (max-width: 800px) 100vw, 800px\" \/><figcaption class=\"wp-element-caption\">\u0110\u0103ng Nh\u1eadp FFok \u2013 V\u00e0o l\u00e0 ch\u01a1i li\u1ec1n, ch\u1edd g\u00ec n\u1eefa?<\/figcaption><\/figure>\n\n\n\n<p>Khi b\u1ea1n mu\u1ed1n t\u00ecm ki\u1ebfm m\u1ed9t n\u1ec1n t\u1ea3ng gi\u1ea3i tr\u00ed tr\u1ef1c tuy\u1ebfn th\u00fa v\u1ecb,&nbsp;<strong><a href=\"https:\/\/checkinhanoi.com\/index.php\/dang-nhap-ffok\/\">\u0110\u0103ng nh\u1eadp FFok<\/a><\/strong>&nbsp;s\u1ebd l\u00e0 l\u1ef1a ch\u1ecdn l\u00fd t\u01b0\u1edfng. Kh\u00f4ng ch\u1ec9 cung c\u1ea5p cho b\u1ea1n nh\u1eefng tr\u00f2 ch\u01a1i h\u1ea5p d\u1eabn, m\u00e0 c\u00f2n mang \u0111\u1ebfn tr\u1ea3i nghi\u1ec7m ng\u01b0\u1eddi d\u00f9ng tuy\u1ec7t v\u1eddi. H\u00e3y c\u00f9ng kh\u00e1m ph\u00e1 c\u00e1ch \u0111\u0103ng nh\u1eadp d\u1ec5 d\u00e0ng v\u00e0 nhanh ch\u00f3ng \u0111\u1ec3 kh\u00f4ng b\u1ecf l\u1ee1 b\u1ea5t k\u1ef3 gi\u00e2y ph\u00fat n\u00e0o!<\/p><div id=\"ez-toc-container\" class=\"ez-toc-v2_0_82_2 ez-toc-wrap-center counter-hierarchy ez-toc-counter ez-toc-grey ez-toc-container-direction\">\n<div class=\"ez-toc-title-container\">\n<p class=\"ez-toc-title\" style=\"cursor:inherit\">T\u00f3m t\u1eaft<\/p>\n<span class=\"ez-toc-title-toggle\"><a href=\"#\" class=\"ez-toc-pull-right ez-toc-btn ez-toc-btn-xs ez-toc-btn-default ez-toc-toggle\" aria-label=\"Toggle Table of Content\"><span class=\"ez-toc-js-icon-con\"><span class=\"\"><span class=\"eztoc-hide\" style=\"display:none;\">Toggle<\/span><span class=\"ez-toc-icon-toggle-span\"><svg style=\"fill: #999;color:#999\" xmlns=\"http:\/\/www.w3.org\/2000\/svg\" class=\"list-377408\" width=\"20px\" height=\"20px\" viewBox=\"0 0 24 24\" fill=\"none\"><path d=\"M6 6H4v2h2V6zm14 0H8v2h12V6zM4 11h2v2H4v-2zm16 0H8v2h12v-2zM4 16h2v2H4v-2zm16 0H8v2h12v-2z\" fill=\"currentColor\"><\/path><\/svg><svg style=\"fill: #999;color:#999\" class=\"arrow-unsorted-368013\" xmlns=\"http:\/\/www.w3.org\/2000\/svg\" width=\"10px\" height=\"10px\" viewBox=\"0 0 24 24\" version=\"1.2\" baseProfile=\"tiny\"><path d=\"M18.2 9.3l-6.2-6.3-6.2 6.3c-.2.2-.3.4-.3.7s.1.5.3.7c.2.2.4.3.7.3h11c.3 0 .5-.1.7-.3.2-.2.3-.5.3-.7s-.1-.5-.3-.7zM5.8 14.7l6.2 6.3 6.2-6.3c.2-.2.3-.5.3-.7s-.1-.5-.3-.7c-.2-.2-.4-.3-.7-.3h-11c-.3 0-.5.1-.7.3-.2.2-.3.5-.3.7s.1.5.3.7z\"\/><\/svg><\/span><\/span><\/span><\/a><\/span><\/div>\n<nav><ul class='ez-toc-list ez-toc-list-level-1 ' ><li class='ez-toc-page-1 ez-toc-heading-level-1'><a class=\"ez-toc-link ez-toc-heading-1\" href=\"https:\/\/checkinhanoi.com\/index.php\/dang-nhap-ffok\/#Dang_Nhap_FFok_%E2%80%93_Vao_la_choi_lien_cho_gi_nua\" >\u0110\u0103ng Nh\u1eadp FFok \u2013 V\u00e0o l\u00e0 ch\u01a1i li\u1ec1n, ch\u1edd g\u00ec n\u1eefa?<\/a><ul class='ez-toc-list-level-2' ><li class='ez-toc-heading-level-2'><a class=\"ez-toc-link ez-toc-heading-2\" href=\"https:\/\/checkinhanoi.com\/index.php\/dang-nhap-ffok\/#Huong_dan_dang_nhap_FFok_cho_nguoi_moi\" >H\u01b0\u1edbng d\u1eabn \u0111\u0103ng nh\u1eadp FFok cho ng\u01b0\u1eddi m\u1edbi<\/a><\/li><li class='ez-toc-page-1 ez-toc-heading-level-2'><a class=\"ez-toc-link ez-toc-heading-3\" href=\"https:\/\/checkinhanoi.com\/index.php\/dang-nhap-ffok\/#Bao_mat_tai_khoan_khi_dang_nhap\" >B\u1ea3o m\u1eadt t\u00e0i kho\u1ea3n khi \u0111\u0103ng nh\u1eadp<\/a><\/li><li class='ez-toc-page-1 ez-toc-heading-level-2'><a class=\"ez-toc-link ez-toc-heading-4\" href=\"https:\/\/checkinhanoi.com\/index.php\/dang-nhap-ffok\/#Meo_dang_nhap_khong_bi_chan_web\" >M\u1eb9o \u0111\u0103ng nh\u1eadp kh\u00f4ng b\u1ecb ch\u1eb7n web<\/a><\/li><li class='ez-toc-page-1 ez-toc-heading-level-2'><a class=\"ez-toc-link ez-toc-heading-5\" href=\"https:\/\/checkinhanoi.com\/index.php\/dang-nhap-ffok\/#Ket_luan\" >K\u1ebft lu\u1eadn<\/a><\/li><\/ul><\/li><\/ul><\/nav><\/div>\n\n\n\n\n<h2 class=\"wp-block-heading\"><span class=\"ez-toc-section\" id=\"Huong_dan_dang_nhap_FFok_cho_nguoi_moi\"><\/span>H\u01b0\u1edbng d\u1eabn \u0111\u0103ng nh\u1eadp FFok cho ng\u01b0\u1eddi m\u1edbi<span class=\"ez-toc-section-end\"><\/span><\/h2>\n\n\n\n<p>Vi\u1ec7c \u0111\u0103ng nh\u1eadp v\u00e0o FFok c\u00f3 v\u1ebb \u0111\u01a1n gi\u1ea3n nh\u01b0ng l\u1ea1i r\u1ea5t quan tr\u1ecdng \u0111\u1ec3 b\u1ea1n c\u00f3 th\u1ec3 t\u1eadn h\u01b0\u1edfng nh\u1eefng d\u1ecbch v\u1ee5 m\u00e0 n\u1ec1n t\u1ea3ng n\u00e0y cung c\u1ea5p. D\u01b0\u1edbi \u0111\u00e2y l\u00e0 h\u01b0\u1edbng d\u1eabn chi ti\u1ebft gi\u00fap b\u1ea1n th\u1ef1c hi\u1ec7n \u0111i\u1ec1u \u0111\u00f3 m\u1ed9t c\u00e1ch hi\u1ec7u qu\u1ea3 nh\u1ea5t.<\/p>\n\n\n\n<h3 class=\"wp-block-heading\">C\u00e1ch \u0111i\u1ec1n th\u00f4ng tin nhanh ch\u00f3ng, ch\u00ednh x\u00e1c<\/h3>\n\n\n\n<p>Khi truy c\u1eadp v\u00e0o trang web ho\u1eb7c \u1ee9ng d\u1ee5ng <a href=\"https:\/\/checkinhanoi.com\/\"><strong>FFok<\/strong><\/a>, b\u1ea1n s\u1ebd th\u1ea5y giao di\u1ec7n \u0111\u0103ng nh\u1eadp v\u1edbi hai tr\u01b0\u1eddng th\u00f4ng tin ch\u00ednh: t\u00ean \u0111\u0103ng nh\u1eadp v\u00e0 m\u1eadt kh\u1ea9u. \u0110\u1ec3 \u0111\u1ea3m b\u1ea3o qu\u00e1 tr\u00ecnh \u0111\u0103ng nh\u1eadp di\u1ec5n ra su\u00f4n s\u1ebb, b\u1ea1n c\u1ea7n ch\u00fa \u00fd nh\u1eefng \u0111i\u1ec3m sau:<\/p>\n\n\n\n<p>Tr\u01b0\u1edbc ti\u00ean, h\u00e3y ch\u1eafc ch\u1eafn r\u1eb1ng b\u1ea1n \u0111\u00e3 t\u1ea1o t\u00e0i kho\u1ea3n tr\u01b0\u1edbc khi c\u1ed1 g\u1eafng&nbsp;<strong>\u0111\u0103ng nh\u1eadp FFok<\/strong>. N\u1ebfu ch\u01b0a, h\u00e3y t\u00ecm \u0111\u1ebfn n\u00fat &#8220;\u0110\u0103ng k\u00fd&#8221; \u0111\u1ec3 b\u1eaft \u0111\u1ea7u. Khi \u0111i\u1ec1n t\u00ean \u0111\u0103ng nh\u1eadp, h\u00e3y ch\u1eafc ch\u1eafn r\u1eb1ng b\u1ea1n s\u1eed d\u1ee5ng \u0111\u00fang th\u00f4ng tin m\u00e0 b\u1ea1n \u0111\u00e3 \u0111\u0103ng k\u00fd. Th\u00f4ng th\u01b0\u1eddng, t\u00ean \u0111\u0103ng nh\u1eadp c\u00f3 th\u1ec3 l\u00e0 \u0111\u1ecba ch\u1ec9 email ho\u1eb7c s\u1ed1 \u0111i\u1ec7n tho\u1ea1i.<\/p>\n\n\n\n<p>Sau \u0111\u00f3, khi nh\u1eadp m\u1eadt kh\u1ea9u, b\u1ea1n c\u1ea7n ph\u1ea3i ki\u1ec3m tra xem m\u00ecnh \u0111\u00e3 nh\u1eadp \u0111\u00fang ch\u1eef hoa, ch\u1eef th\u01b0\u1eddng, v\u00e0 c\u00e1c k\u00fd t\u1ef1 \u0111\u1eb7c bi\u1ec7t n\u1ebfu c\u00f3. M\u1ed9t m\u1eb9o nh\u1ecf l\u00e0 b\u1ea1n c\u00f3 th\u1ec3 sao ch\u00e9p v\u00e0 d\u00e1n m\u1eadt kh\u1ea9u t\u1eeb n\u01a1i kh\u00e1c n\u1ebfu c\u1ea3m th\u1ea5y kh\u00f3 nh\u1edb. Tuy nhi\u00ean, h\u00e3y c\u1ea9n th\u1eadn \u0111\u1ec3 tr\u00e1nh vi\u1ec7c chia s\u1ebb m\u1eadt kh\u1ea9u c\u1ee7a m\u00ecnh v\u1edbi ng\u01b0\u1eddi kh\u00e1c.<\/p>\n\n\n\n<h3 class=\"wp-block-heading\">X\u1eed l\u00fd khi qu\u00ean m\u1eadt kh\u1ea9u ho\u1eb7c t\u00e0i kho\u1ea3n<\/h3>\n\n\n\n<p>Vi\u1ec7c qu\u00ean m\u1eadt kh\u1ea9u l\u00e0 \u0111i\u1ec1u kh\u00e1 ph\u1ed5 bi\u1ebfn, nh\u01b0ng \u0111\u1eebng lo l\u1eafng v\u00ec FFok c\u00f3 t\u00ednh n\u0103ng ph\u1ee5c h\u1ed3i m\u1eadt kh\u1ea9u r\u1ea5t h\u1eefu \u00edch. Trong tr\u01b0\u1eddng h\u1ee3p b\u1ea1n kh\u00f4ng nh\u1edb m\u1eadt kh\u1ea9u c\u1ee7a m\u00ecnh, h\u00e3y t\u00ecm \u0111\u1ebfn li\u00ean k\u1ebft &#8220;Qu\u00ean m\u1eadt kh\u1ea9u?&#8221; tr\u00ean trang \u0111\u0103ng nh\u1eadp.<\/p>\n\n\n\n<p>Khi nh\u1ea5p v\u00e0o li\u00ean k\u1ebft n\u00e0y, b\u1ea1n s\u1ebd \u0111\u01b0\u1ee3c y\u00eau c\u1ea7u cung c\u1ea5p th\u00f4ng tin v\u1ec1 t\u00e0i kho\u1ea3n c\u1ee7a m\u00ecnh, nh\u01b0 \u0111\u1ecba ch\u1ec9 email ho\u1eb7c t\u00ean \u0111\u0103ng nh\u1eadp. Sau khi g\u1eedi th\u00f4ng tin, FFok s\u1ebd g\u1eedi m\u1ed9t email ch\u1ee9a h\u01b0\u1edbng d\u1eabn \u0111\u1eb7t l\u1ea1i m\u1eadt kh\u1ea9u \u0111\u1ebfn h\u1ed9p th\u01b0 c\u1ee7a b\u1ea1n. H\u00e3y ki\u1ec3m tra c\u1ea3 th\u01b0 r\u00e1c n\u1ebfu b\u1ea1n kh\u00f4ng th\u1ea5y email trong h\u1ed9p th\u01b0 \u0111\u1ebfn.<\/p>\n\n\n\n<p>N\u1ebfu b\u1ea1n g\u1eb7p s\u1ef1 c\u1ed1 v\u1edbi t\u00e0i kho\u1ea3n c\u1ee7a m\u00ecnh, nh\u01b0 b\u1ecb kh\u00f3a hay b\u1ecb t\u1ea1m ng\u01b0ng, h\u00e3y li\u00ean h\u1ec7 v\u1edbi b\u1ed9 ph\u1eadn h\u1ed7 tr\u1ee3 kh\u00e1ch h\u00e0ng c\u1ee7a FFok. H\u1ecd s\u1ebd h\u01b0\u1edbng d\u1eabn b\u1ea1n c\u00e1ch kh\u00f4i ph\u1ee5c t\u00e0i kho\u1ea3n v\u00e0 gi\u1ea3i quy\u1ebft c\u00e1c v\u1ea5n \u0111\u1ec1 c\u1ea7n thi\u1ebft.<\/p>\n\n\n\n<h2 class=\"wp-block-heading\"><span class=\"ez-toc-section\" id=\"Bao_mat_tai_khoan_khi_dang_nhap\"><\/span>B\u1ea3o m\u1eadt t\u00e0i kho\u1ea3n khi \u0111\u0103ng nh\u1eadp<span class=\"ez-toc-section-end\"><\/span><\/h2>\n\n\n\n<p>B\u1ea3o m\u1eadt t\u00e0i kho\u1ea3n l\u00e0 y\u1ebfu t\u1ed1 c\u1ef1c k\u1ef3 quan tr\u1ecdng khi b\u1ea1n tham gia b\u1ea5t k\u1ef3 n\u1ec1n t\u1ea3ng tr\u1ef1c tuy\u1ebfn n\u00e0o. \u0110\u1ea3m b\u1ea3o r\u1eb1ng t\u00e0i kho\u1ea3n c\u1ee7a b\u1ea1n lu\u00f4n an to\u00e0n, \u0111\u1eb7c bi\u1ec7t khi&nbsp;<strong>\u0111\u0103ng nh\u1eadp FFok<\/strong>&nbsp;\u0111\u1ec3 tr\u00e1nh nh\u1eefng r\u1ee7i ro kh\u00f4ng \u0111\u00e1ng c\u00f3.<\/p>\n\n\n\n<h3 class=\"wp-block-heading\">B\u1eadt x\u00e1c minh 2 b\u01b0\u1edbc an to\u00e0n h\u01a1n<\/h3>\n\n\n\n<p>M\u1ed9t trong nh\u1eefng c\u00e1ch t\u1ed1t nh\u1ea5t \u0111\u1ec3 b\u1ea3o v\u1ec7 t\u00e0i kho\u1ea3n c\u1ee7a b\u1ea1n l\u00e0 k\u00edch ho\u1ea1t x\u00e1c minh 2 b\u01b0\u1edbc. Ch\u1ee9c n\u0103ng n\u00e0y y\u00eau c\u1ea7u b\u1ea1n kh\u00f4ng ch\u1ec9 nh\u1eadp m\u1eadt kh\u1ea9u m\u00e0 c\u00f2n c\u1ea7n m\u1ed9t m\u00e3 x\u00e1c nh\u1eadn g\u1eedi \u0111\u1ebfn \u0111i\u1ec7n tho\u1ea1i ho\u1eb7c email c\u1ee7a b\u1ea1n. \u0110i\u1ec1u n\u00e0y c\u00f3 ngh\u0129a r\u1eb1ng ngay c\u1ea3 khi ai \u0111\u00f3 c\u00f3 \u0111\u01b0\u1ee3c m\u1eadt kh\u1ea9u c\u1ee7a b\u1ea1n, h\u1ecd v\u1eabn kh\u00f4ng th\u1ec3 truy c\u1eadp v\u00e0o t\u00e0i kho\u1ea3n m\u00e0 kh\u00f4ng c\u00f3 m\u00e3 x\u00e1c nh\u1eadn.<\/p>\n\n\n\n<p>\u0110\u1ec3 b\u1eadt t\u00ednh n\u0103ng n\u00e0y, h\u00e3y v\u00e0o ph\u1ea7n c\u00e0i \u0111\u1eb7t t\u00e0i kho\u1ea3n v\u00e0 t\u00ecm m\u1ee5c b\u1ea3o m\u1eadt. T\u1ea1i \u0111\u00e2y, b\u1ea1n s\u1ebd th\u1ea5y t\u00f9y ch\u1ecdn \u0111\u1ec3 k\u00edch ho\u1ea1t x\u00e1c minh 2 b\u01b0\u1edbc. H\u00e3y l\u00e0m theo h\u01b0\u1edbng d\u1eabn \u0111\u1ec3 ho\u00e0n t\u1ea5t thi\u1ebft l\u1eadp. Khi m\u1ecdi th\u1ee9 \u0111\u00e3 s\u1eb5n s\u00e0ng, m\u1ed7i l\u1ea7n b\u1ea1n \u0111\u0103ng nh\u1eadp \u1edf m\u1ed9t thi\u1ebft b\u1ecb m\u1edbi, b\u1ea1n s\u1ebd nh\u1eadn \u0111\u01b0\u1ee3c m\u1ed9t m\u00e3 x\u00e1c nh\u1eadn qua SMS ho\u1eb7c email.<\/p>\n\n\n\n<h3 class=\"wp-block-heading\">Kh\u00f4ng chia s\u1ebb t\u00e0i kho\u1ea3n \u0111\u1ec3 tr\u00e1nh b\u1ecb hack<\/h3>\n\n\n\n<p>Nhi\u1ec1u ng\u01b0\u1eddi c\u00f3 th\u00f3i quen chia s\u1ebb t\u00e0i kho\u1ea3n c\u1ee7a m\u00ecnh v\u1edbi b\u1ea1n b\u00e8 ho\u1eb7c ng\u01b0\u1eddi th\u00e2n. Tuy nhi\u00ean, \u0111\u00e2y l\u00e0 m\u1ed9t h\u00e0nh \u0111\u1ed9ng r\u1ea5t r\u1ee7i ro. Vi\u1ec7c chia s\u1ebb t\u00e0i kho\u1ea3n kh\u00f4ng ch\u1ec9 l\u00e0m t\u0103ng nguy c\u01a1 b\u1ecb hack m\u00e0 c\u00f2n c\u00f3 th\u1ec3 d\u1eabn \u0111\u1ebfn t\u00ecnh tr\u1ea1ng m\u1ea5t m\u00e1t d\u1eef li\u1ec7u c\u00e1 nh\u00e2n.<\/p>\n\n\n\n<p>FFok c\u00f3 ch\u00ednh s\u00e1ch nghi\u00eam ng\u1eb7t \u0111\u1ed1i v\u1edbi vi\u1ec7c chia s\u1ebb t\u00e0i kho\u1ea3n. N\u1ebfu ph\u00e1t hi\u1ec7n ra r\u1eb1ng t\u00e0i kho\u1ea3n c\u1ee7a b\u1ea1n \u0111ang \u0111\u01b0\u1ee3c s\u1eed d\u1ee5ng t\u1eeb nhi\u1ec1u \u0111\u1ecba \u0111i\u1ec3m kh\u00e1c nhau, b\u1ea1n c\u00f3 th\u1ec3 b\u1ecb kh\u00f3a t\u00e0i kho\u1ea3n. Do \u0111\u00f3, h\u00e3y ch\u1eafc ch\u1eafn r\u1eb1ng b\u1ea1n kh\u00f4ng chia s\u1ebb th\u00f4ng tin t\u00e0i kho\u1ea3n c\u1ee7a m\u00ecnh v\u1edbi b\u1ea5t k\u1ef3 ai. M\u1ed9t nguy\u00ean t\u1eafc t\u1ed1t l\u00e0 h\u00e3y gi\u1eef cho th\u00f4ng tin t\u00e0i kho\u1ea3n th\u1eadt ri\u00eang t\u01b0 v\u00e0 an to\u00e0n.<\/p>\n\n\n\n<h2 class=\"wp-block-heading\"><span class=\"ez-toc-section\" id=\"Meo_dang_nhap_khong_bi_chan_web\"><\/span>M\u1eb9o \u0111\u0103ng nh\u1eadp kh\u00f4ng b\u1ecb ch\u1eb7n web<span class=\"ez-toc-section-end\"><\/span><\/h2>\n\n\n\n<p>Trong m\u1ed9t s\u1ed1 tr\u01b0\u1eddng h\u1ee3p, b\u1ea1n c\u00f3 th\u1ec3 g\u1eb7p ph\u1ea3i t\u00ecnh tr\u1ea1ng b\u1ecb ch\u1eb7n khi c\u1ed1 g\u1eafng&nbsp;<strong>\u0111\u0103ng nh\u1eadp FFok<\/strong>. \u0110i\u1ec1u n\u00e0y c\u00f3 th\u1ec3 do ch\u00ednh s\u00e1ch c\u1ee7a nh\u00e0 m\u1ea1ng ho\u1eb7c c\u00e1c quy \u0111\u1ecbnh c\u1ee7a ch\u00ednh ph\u1ee7. D\u01b0\u1edbi \u0111\u00e2y l\u00e0 m\u1ed9t s\u1ed1 m\u1eb9o gi\u00fap b\u1ea1n v\u01b0\u1ee3t qua t\u00ecnh tr\u1ea1ng n\u00e0y.<\/p>\n\n\n\n<h3 class=\"wp-block-heading\">D\u00f9ng app FFok ho\u1eb7c link d\u1ef1 ph\u00f2ng<\/h3>\n\n\n\n<p>FFok cung c\u1ea5p \u1ee9ng d\u1ee5ng di \u0111\u1ed9ng cho c\u00e1c thi\u1ebft b\u1ecb Android v\u00e0 iOS gi\u00fap b\u1ea1n d\u1ec5 d\u00e0ng truy c\u1eadp v\u00e0o n\u1ec1n t\u1ea3ng m\u00e0 kh\u00f4ng g\u1eb7p ph\u1ea3i r\u00e0o c\u1ea3n n\u00e0o. N\u1ebfu b\u1ea1n \u0111ang g\u1eb7p kh\u00f3 kh\u0103n khi truy c\u1eadp qua tr\u00ecnh duy\u1ec7t web, h\u00e3y th\u1eed t\u1ea3i xu\u1ed1ng \u1ee9ng d\u1ee5ng FFok t\u1eeb c\u1eeda h\u00e0ng \u1ee9ng d\u1ee5ng t\u01b0\u01a1ng \u1ee9ng.<\/p>\n\n\n\n<p>Ngo\u00e0i ra, FFok c\u0169ng cung c\u1ea5p c\u00e1c li\u00ean k\u1ebft d\u1ef1 ph\u00f2ng \u0111\u1ec3 b\u1ea1n c\u00f3 th\u1ec3 truy c\u1eadp d\u1ec5 d\u00e0ng h\u01a1n, ngay c\u1ea3 khi g\u1eb7p ph\u1ea3i t\u00ecnh tr\u1ea1ng ch\u1eb7n trang. B\u1ea1n n\u00ean th\u01b0\u1eddng xuy\u00ean ki\u1ec3m tra trang ch\u1ee7 c\u1ee7a FFok ho\u1eb7c c\u00e1c di\u1ec5n \u0111\u00e0n c\u1ed9ng \u0111\u1ed3ng \u0111\u1ec3 c\u1eadp nh\u1eadt \u0111\u1ecba ch\u1ec9 m\u1edbi nh\u1ea5t.<\/p>\n\n\n\n<h3 class=\"wp-block-heading\">B\u1eadt VPN n\u1ebfu b\u1ecb nh\u00e0 m\u1ea1ng ch\u1eb7n truy c\u1eadp<\/h3>\n\n\n\n<p>S\u1eed d\u1ee5ng VPN (M\u1ea1ng ri\u00eang \u1ea3o) l\u00e0 m\u1ed9t trong nh\u1eefng c\u00e1ch hi\u1ec7u qu\u1ea3 nh\u1ea5t \u0111\u1ec3 v\u01b0\u1ee3t qua t\u00ecnh tr\u1ea1ng b\u1ecb ch\u1eb7n. VPN s\u1ebd gi\u00fap b\u1ea1n \u1ea9n \u0111\u1ecba ch\u1ec9 IP c\u1ee7a m\u00ecnh v\u00e0 thay \u0111\u1ed5i v\u1ecb tr\u00ed \u1ea3o c\u1ee7a b\u1ea1n sang m\u1ed9t qu\u1ed1c gia kh\u00e1c. \u0110i\u1ec1u n\u00e0y kh\u00f4ng ch\u1ec9 gi\u00fap b\u1ea1n truy c\u1eadp v\u00e0o FFok m\u00e0 c\u00f2n b\u1ea3o v\u1ec7 th\u00f4ng tin c\u00e1 nh\u00e2n c\u1ee7a b\u1ea1n kh\u1ecfi nh\u1eefng m\u1eaft x\u00edch gi\u00e1m s\u00e1t.<\/p>\n\n\n\n<p>C\u00f3 r\u1ea5t nhi\u1ec1u d\u1ecbch v\u1ee5 VPN mi\u1ec5n ph\u00ed v\u00e0 tr\u1ea3 ph\u00ed tr\u00ean th\u1ecb tr\u01b0\u1eddng. H\u00e3y nghi\u00ean c\u1ee9u k\u1ef9 v\u00e0 ch\u1ecdn m\u1ed9t d\u1ecbch v\u1ee5 uy t\u00edn \u0111\u1ec3 \u0111\u1ea3m b\u1ea3o an to\u00e0n v\u00e0 t\u1ed1c \u0111\u1ed9 truy c\u1eadp t\u1ed1t nh\u1ea5t. Khi \u0111\u00e3 c\u00e0i \u0111\u1eb7t VPN, h\u00e3y ch\u1eafc ch\u1eafn r\u1eb1ng b\u1ea1n \u0111\u00e3 k\u1ebft n\u1ed1i tr\u01b0\u1edbc khi c\u1ed1 g\u1eafng&nbsp;<strong>\u0111\u0103ng nh\u1eadp FFok<\/strong>.<\/p>\n\n\n\n<h2 class=\"wp-block-heading\"><span class=\"ez-toc-section\" id=\"Ket_luan\"><\/span>K\u1ebft lu\u1eadn<span class=\"ez-toc-section-end\"><\/span><\/h2>\n\n\n\n<p>Vi\u1ec7c&nbsp;<strong>\u0111\u0103ng nh\u1eadp FFok<\/strong>&nbsp;kh\u00f4ng ch\u1ec9 \u0111\u01a1n thu\u1ea7n l\u00e0 b\u01b0\u1edbc \u0111\u1ea7u ti\u00ean \u0111\u1ec3 truy c\u1eadp v\u00e0o th\u1ebf gi\u1edbi gi\u1ea3i tr\u00ed \u0111a d\u1ea1ng m\u00e0 c\u00f2n l\u00e0 m\u1ed9t ph\u1ea7n quan tr\u1ecdng trong vi\u1ec7c b\u1ea3o v\u1ec7 t\u00e0i kho\u1ea3n c\u1ee7a b\u1ea1n. Qua b\u00e0i vi\u1ebft n\u00e0y, hy v\u1ecdng b\u1ea1n \u0111\u00e3 c\u00f3 \u0111\u01b0\u1ee3c c\u00e1i nh\u00ecn t\u1ed5ng quan v\u00e0 nh\u1eefng b\u01b0\u1edbc c\u1ee5 th\u1ec3 \u0111\u1ec3 th\u1ef1c hi\u1ec7n \u0111i\u1ec1u \u0111\u00f3. \u0110\u1eebng qu\u00ean b\u1ea3o v\u1ec7 t\u00e0i kho\u1ea3n c\u1ee7a m\u00ecnh v\u00e0 lu\u00f4n c\u1eadp nh\u1eadt th\u00f4ng tin \u0111\u1ec3 c\u00f3 tr\u1ea3i nghi\u1ec7m t\u1ed1t nh\u1ea5t khi tham gia v\u00e0o FFok. H\u00e3y \u0111\u1ec3 ni\u1ec1m vui b\u1eaft \u0111\u1ea7u ngay t\u1eeb b\u00e2y gi\u1edd!<\/p>\n\n\n","protected":false},"excerpt":{"rendered":"<p>\u0110\u0103ng Nh\u1eadp FFok \u2013 V\u00e0o l\u00e0 ch\u01a1i li\u1ec1n, ch\u1edd g\u00ec n\u1eefa? Khi b\u1ea1n mu\u1ed1n t\u00ecm ki\u1ebfm m\u1ed9t n\u1ec1n t\u1ea3ng gi\u1ea3i tr\u00ed tr\u1ef1c tuy\u1ebfn th\u00fa v\u1ecb,&nbsp;\u0110\u0103ng nh\u1eadp FFok&nbsp;s\u1ebd l\u00e0 l\u1ef1a ch\u1ecdn l\u00fd t\u01b0\u1edfng. Kh\u00f4ng ch\u1ec9 cung c\u1ea5p cho b\u1ea1n nh\u1eefng tr\u00f2 ch\u01a1i h\u1ea5p d\u1eabn, m\u00e0 c\u00f2n mang \u0111\u1ebfn tr\u1ea3i nghi\u1ec7m ng\u01b0\u1eddi d\u00f9ng tuy\u1ec7t v\u1eddi. H\u00e3y c\u00f9ng [&#8230;]\n","protected":false},"author":1,"featured_media":182,"parent":0,"menu_order":0,"comment_status":"closed","ping_status":"closed","template":"","meta":{"footnotes":""},"class_list":["post-63","page","type-page","status-publish","has-post-thumbnail","hentry"],"_links":{"self":[{"href":"https:\/\/checkinhanoi.com\/index.php\/wp-json\/wp\/v2\/pages\/63","targetHints":{"allow":["GET"]}}],"collection":[{"href":"https:\/\/checkinhanoi.com\/index.php\/wp-json\/wp\/v2\/pages"}],"about":[{"href":"https:\/\/checkinhanoi.com\/index.php\/wp-json\/wp\/v2\/types\/page"}],"author":[{"embeddable":true,"href":"https:\/\/checkinhanoi.com\/index.php\/wp-json\/wp\/v2\/users\/1"}],"replies":[{"embeddable":true,"href":"https:\/\/checkinhanoi.com\/index.php\/wp-json\/wp\/v2\/comments?post=63"}],"version-history":[{"count":3,"href":"https:\/\/checkinhanoi.com\/index.php\/wp-json\/wp\/v2\/pages\/63\/revisions"}],"predecessor-version":[{"id":183,"href":"https:\/\/checkinhanoi.com\/index.php\/wp-json\/wp\/v2\/pages\/63\/revisions\/183"}],"wp:featuredmedia":[{"embeddable":true,"href":"https:\/\/checkinhanoi.com\/index.php\/wp-json\/wp\/v2\/media\/182"}],"wp:attachment":[{"href":"https:\/\/checkinhanoi.com\/index.php\/wp-json\/wp\/v2\/media?parent=63"}],"curies":[{"name":"wp","href":"https:\/\/api.w.org\/{rel}","templated":true}]}}