{"id":67,"date":"2025-04-05T05:38:01","date_gmt":"2025-04-05T05:38:01","guid":{"rendered":"https:\/\/checkinhanoi.com\/?page_id=67"},"modified":"2025-04-07T05:27:37","modified_gmt":"2025-04-07T05:27:37","slug":"gioi-thieu-ffok","status":"publish","type":"page","link":"https:\/\/checkinhanoi.com\/index.php\/gioi-thieu-ffok\/","title":{"rendered":"Gi\u1edbi Thi\u1ec7u FFok \u2013 S\u00e2n ch\u01a1i c\u00e1 c\u01b0\u1ee3c uy t\u00edn h\u00e0ng \u0111\u1ea7u Vi\u1ec7t Nam!"},"content":{"rendered":"\n<figure class=\"wp-block-image aligncenter size-full\"><img loading=\"lazy\" decoding=\"async\" width=\"800\" height=\"450\" src=\"https:\/\/checkinhanoi.com\/wp-content\/uploads\/2025\/04\/gioi-thieu.jpg\" alt=\"Gi\u1edbi Thi\u1ec7u FFok \u2013 S\u00e2n ch\u01a1i c\u00e1 c\u01b0\u1ee3c uy t\u00edn h\u00e0ng \u0111\u1ea7u Vi\u1ec7t Nam!\" class=\"wp-image-173\" srcset=\"https:\/\/checkinhanoi.com\/wp-content\/uploads\/2025\/04\/gioi-thieu.jpg 800w, https:\/\/checkinhanoi.com\/wp-content\/uploads\/2025\/04\/gioi-thieu-300x169.jpg 300w, https:\/\/checkinhanoi.com\/wp-content\/uploads\/2025\/04\/gioi-thieu-768x432.jpg 768w\" sizes=\"auto, (max-width: 800px) 100vw, 800px\" \/><figcaption class=\"wp-element-caption\">Gi\u1edbi Thi\u1ec7u FFok \u2013 S\u00e2n ch\u01a1i c\u00e1 c\u01b0\u1ee3c uy t\u00edn h\u00e0ng \u0111\u1ea7u Vi\u1ec7t Nam!<\/figcaption><\/figure>\n\n\n\n<p><a href=\"https:\/\/checkinhanoi.com\/index.php\/gioi-thieu-ffok\/\"><strong>Gi\u1edbi Thi\u1ec7u FFok<\/strong><\/a> l\u00e0 m\u1ed9t trong nh\u1eefng s\u00e2n ch\u01a1i c\u00e1 c\u01b0\u1ee3c tr\u1ef1c tuy\u1ebfn \u0111ang r\u1ea5t \u0111\u01b0\u1ee3c y\u00eau th\u00edch t\u1ea1i Vi\u1ec7t Nam. V\u1edbi s\u1ef1 ph\u00e1t tri\u1ec3n m\u1ea1nh m\u1ebd c\u1ee7a c\u00f4ng ngh\u1ec7 th\u00f4ng tin v\u00e0 nhu c\u1ea7u gi\u1ea3i tr\u00ed ng\u00e0y c\u00e0ng t\u0103ng cao, FFok \u0111\u00e3 tr\u1edf th\u00e0nh l\u1ef1a ch\u1ecdn h\u00e0ng \u0111\u1ea7u cho nh\u1eefng ai \u0111am m\u00ea c\u00e1 c\u01b0\u1ee3c. B\u00e0i vi\u1ebft n\u00e0y s\u1ebd gi\u00fap b\u1ea1n hi\u1ec3u r\u00f5 h\u01a1n v\u1ec1 n\u1ec1n t\u1ea3ng, d\u1ecbch v\u1ee5 v\u00e0 c\u00e1c \u01b0u \u0111i\u1ec3m n\u1ed5i b\u1eadt c\u1ee7a FFok.<\/p><div id=\"ez-toc-container\" class=\"ez-toc-v2_0_82_2 ez-toc-wrap-center counter-hierarchy ez-toc-counter ez-toc-grey ez-toc-container-direction\">\n<div class=\"ez-toc-title-container\">\n<p class=\"ez-toc-title\" style=\"cursor:inherit\">T\u00f3m t\u1eaft<\/p>\n<span class=\"ez-toc-title-toggle\"><a href=\"#\" class=\"ez-toc-pull-right ez-toc-btn ez-toc-btn-xs ez-toc-btn-default ez-toc-toggle\" aria-label=\"Toggle Table of Content\"><span class=\"ez-toc-js-icon-con\"><span class=\"\"><span class=\"eztoc-hide\" style=\"display:none;\">Toggle<\/span><span class=\"ez-toc-icon-toggle-span\"><svg style=\"fill: #999;color:#999\" xmlns=\"http:\/\/www.w3.org\/2000\/svg\" class=\"list-377408\" width=\"20px\" height=\"20px\" viewBox=\"0 0 24 24\" fill=\"none\"><path d=\"M6 6H4v2h2V6zm14 0H8v2h12V6zM4 11h2v2H4v-2zm16 0H8v2h12v-2zM4 16h2v2H4v-2zm16 0H8v2h12v-2z\" fill=\"currentColor\"><\/path><\/svg><svg style=\"fill: #999;color:#999\" class=\"arrow-unsorted-368013\" xmlns=\"http:\/\/www.w3.org\/2000\/svg\" width=\"10px\" height=\"10px\" viewBox=\"0 0 24 24\" version=\"1.2\" baseProfile=\"tiny\"><path d=\"M18.2 9.3l-6.2-6.3-6.2 6.3c-.2.2-.3.4-.3.7s.1.5.3.7c.2.2.4.3.7.3h11c.3 0 .5-.1.7-.3.2-.2.3-.5.3-.7s-.1-.5-.3-.7zM5.8 14.7l6.2 6.3 6.2-6.3c.2-.2.3-.5.3-.7s-.1-.5-.3-.7c-.2-.2-.4-.3-.7-.3h-11c-.3 0-.5.1-.7.3-.2.2-.3.5-.3.7s.1.5.3.7z\"\/><\/svg><\/span><\/span><\/span><\/a><\/span><\/div>\n<nav><ul class='ez-toc-list ez-toc-list-level-1 ' ><li class='ez-toc-page-1 ez-toc-heading-level-2'><a class=\"ez-toc-link ez-toc-heading-1\" href=\"https:\/\/checkinhanoi.com\/index.php\/gioi-thieu-ffok\/#FFok_la_gi_ma_ai_cung_nhac_toi\" >FFok l\u00e0 g\u00ec m\u00e0 ai c\u0169ng nh\u1eafc t\u1edbi?<\/a><\/li><li class='ez-toc-page-1 ez-toc-heading-level-2'><a class=\"ez-toc-link ez-toc-heading-2\" href=\"https:\/\/checkinhanoi.com\/index.php\/gioi-thieu-ffok\/#Nhung_diem_noi_bat_chi_co_o_FFok\" >Nh\u1eefng \u0111i\u1ec3m n\u1ed5i b\u1eadt ch\u1ec9 c\u00f3 \u1edf FFok<\/a><\/li><li class='ez-toc-page-1 ez-toc-heading-level-2'><a class=\"ez-toc-link ez-toc-heading-3\" href=\"https:\/\/checkinhanoi.com\/index.php\/gioi-thieu-ffok\/#Vi_sao_ban_nen_thu_ngay_FFok\" >V\u00ec sao b\u1ea1n n\u00ean th\u1eed ngay FFok?<\/a><\/li><li class='ez-toc-page-1 ez-toc-heading-level-2'><a class=\"ez-toc-link ez-toc-heading-4\" href=\"https:\/\/checkinhanoi.com\/index.php\/gioi-thieu-ffok\/#Ket_luan\" >K\u1ebft lu\u1eadn<\/a><\/li><\/ul><\/nav><\/div>\n\n\n\n\n<h2 class=\"wp-block-heading\"><span class=\"ez-toc-section\" id=\"FFok_la_gi_ma_ai_cung_nhac_toi\"><\/span>FFok l\u00e0 g\u00ec m\u00e0 ai c\u0169ng nh\u1eafc t\u1edbi?<span class=\"ez-toc-section-end\"><\/span><\/h2>\n\n\n\n<p>Khi nh\u1eafc \u0111\u1ebfn FFok, ng\u01b0\u1eddi ta kh\u00f4ng ch\u1ec9 ngh\u0129 \u0111\u1ebfn m\u1ed9t trang web c\u00e1 c\u01b0\u1ee3c m\u00e0 c\u00f2n l\u00e0 m\u1ed9t c\u1ed9ng \u0111\u1ed3ng th\u00e2n thi\u1ec7n, an to\u00e0n, v\u00e0 \u0111\u1ea7y s\u00e1ng t\u1ea1o. FFok kh\u00f4ng ch\u1ec9 \u0111\u01a1n thu\u1ea7n l\u00e0 n\u01a1i \u0111\u1ec3 \u0111\u1eb7t c\u01b0\u1ee3c m\u00e0 c\u00f2n l\u00e0 n\u01a1i \u0111\u1ec3 k\u1ebft n\u1ed1i, th\u01b0 gi\u00e3n v\u00e0 tr\u1ea3i nghi\u1ec7m nh\u1eefng tr\u00f2 ch\u01a1i th\u00fa v\u1ecb.<\/p>\n\n\n\n<p>FFok \u0111\u00e3 x\u00e2y d\u1ef1ng th\u01b0\u01a1ng hi\u1ec7u c\u1ee7a m\u00ecnh qua nhi\u1ec1u n\u0103m ho\u1ea1t \u0111\u1ed9ng, v\u1edbi m\u1ee5c ti\u00eau mang l\u1ea1i cho ng\u01b0\u1eddi d\u00f9ng nh\u1eefng tr\u1ea3i nghi\u1ec7m t\u1ed1t nh\u1ea5t. T\u1eeb vi\u1ec7c c\u00e1 c\u01b0\u1ee3c th\u1ec3 thao, game casino, \u0111\u1ebfn c\u00e1c tr\u00f2 ch\u01a1i \u0111i\u1ec7n t\u1eed hi\u1ec7n \u0111\u1ea1i, FFok lu\u00f4n \u0111\u1ee9ng v\u1eefng trong ng\u00e0nh c\u00f4ng nghi\u1ec7p c\u00e1 c\u01b0\u1ee3c nh\u1edd v\u00e0o nh\u1eefng gi\u00e1 tr\u1ecb c\u1ed1t l\u00f5i nh\u01b0 s\u1ef1 minh b\u1ea1ch, c\u00f4ng b\u1eb1ng v\u00e0 ch\u0103m s\u00f3c kh\u00e1ch h\u00e0ng t\u1eadn t\u00ecnh.<\/p>\n\n\n\n<h3 class=\"wp-block-heading\">N\u1ec1n t\u1ea3ng c\u00e1 c\u01b0\u1ee3c \u0111a d\u1ea1ng \u2013 an to\u00e0n \u2013 d\u1ec5 ch\u01a1i<\/h3>\n\n\n\n<p>FFok cung c\u1ea5p m\u1ed9t n\u1ec1n t\u1ea3ng c\u00e1 c\u01b0\u1ee3c phong ph\u00fa v\u1edbi nhi\u1ec1u lo\u1ea1i h\u00ecnh kh\u00e1c nhau, t\u1eeb c\u00e1 c\u01b0\u1ee3c th\u1ec3 thao, x\u1ed5 s\u1ed1, cho \u0111\u1ebfn casino tr\u1ef1c tuy\u1ebfn v\u1edbi h\u00e0ng tr\u0103m tr\u00f2 ch\u01a1i. \u0110i\u1ec1u n\u00e0y kh\u00f4ng ch\u1ec9 gi\u00fap ng\u01b0\u1eddi ch\u01a1i c\u00f3 nhi\u1ec1u s\u1ef1 l\u1ef1a ch\u1ecdn m\u00e0 c\u00f2n mang l\u1ea1i tr\u1ea3i nghi\u1ec7m \u0111\u1ea7y h\u1ea5p d\u1eabn v\u00e0 m\u1edbi m\u1ebb.<\/p>\n\n\n\n<p>V\u1ec1 v\u1ea5n \u0111\u1ec1 an to\u00e0n, <a href=\"https:\/\/checkinhanoi.com\/\"><strong>FFok<\/strong><\/a> \u0111\u00e3 \u00e1p d\u1ee5ng nhi\u1ec1u c\u00f4ng ngh\u1ec7 b\u1ea3o m\u1eadt ti\u00ean ti\u1ebfn nh\u01b0 m\u00e3 h\u00f3a SSL, gi\u00fap b\u1ea3o v\u1ec7 th\u00f4ng tin c\u00e1 nh\u00e2n v\u00e0 t\u00e0i kho\u1ea3n ng\u01b0\u1eddi ch\u01a1i. B\u1ea1n ho\u00e0n to\u00e0n y\u00ean t\u00e2m khi tham gia c\u00e1 c\u01b0\u1ee3c t\u1ea1i \u0111\u00e2y, v\u00ec m\u1ecdi giao d\u1ecbch \u0111\u1ec1u \u0111\u01b0\u1ee3c b\u1ea3o m\u1eadt v\u00e0 an to\u00e0n tuy\u1ec7t \u0111\u1ed1i.<\/p>\n\n\n\n<p>Ngo\u00e0i ra, FFok c\u00f2n ch\u00fa tr\u1ecdng \u0111\u1ebfn tr\u1ea3i nghi\u1ec7m ng\u01b0\u1eddi d\u00f9ng v\u1edbi giao di\u1ec7n d\u1ec5 d\u00e0ng s\u1eed d\u1ee5ng. Ng\u01b0\u1eddi ch\u01a1i c\u00f3 th\u1ec3 d\u1ec5 d\u00e0ng t\u00ecm ki\u1ebfm tr\u00f2 ch\u01a1i y\u00eau th\u00edch ch\u1ec9 v\u1edbi v\u00e0i c\u00fa click chu\u1ed9t. Th\u1eadm ch\u00ed, ngay c\u1ea3 nh\u1eefng ng\u01b0\u1eddi m\u1edbi b\u1eaft \u0111\u1ea7u c\u0169ng c\u00f3 th\u1ec3 nhanh ch\u00f3ng l\u00e0m quen v\u00e0 tham gia v\u00e0o c\u00e1c tr\u00f2 ch\u01a1i m\u00e0 kh\u00f4ng g\u1eb7p b\u1ea5t k\u1ef3 kh\u00f3 kh\u0103n n\u00e0o.<\/p>\n\n\n\n<h3 class=\"wp-block-heading\">Giao di\u1ec7n \u0111\u1eb9p, n\u1ea1p r\u00fat nhanh, ch\u01a1i l\u00e0 m\u00ea<\/h3>\n\n\n\n<p>Giao di\u1ec7n c\u1ee7a FFok \u0111\u01b0\u1ee3c thi\u1ebft k\u1ebf hi\u1ec7n \u0111\u1ea1i v\u00e0 b\u1eaft m\u1eaft, ph\u00f9 h\u1ee3p v\u1edbi xu h\u01b0\u1edbng thi\u1ebft k\u1ebf website ng\u00e0y nay. M\u00e0u s\u1eafc h\u00e0i h\u00f2a c\u00f9ng v\u1edbi c\u00e1ch b\u1ed1 tr\u00ed h\u1ee3p l\u00fd gi\u00fap ng\u01b0\u1eddi ch\u01a1i c\u1ea3m th\u1ea5y tho\u1ea3i m\u00e1i khi tham gia. C\u00e1c t\u00ednh n\u0103ng c\u0169ng \u0111\u01b0\u1ee3c s\u1eafp x\u1ebfp m\u1ed9t c\u00e1ch khoa h\u1ecdc, gi\u00fap ng\u01b0\u1eddi ch\u01a1i d\u1ec5 d\u00e0ng \u0111\u1ecbnh h\u01b0\u1edbng v\u00e0 t\u00ecm ki\u1ebfm th\u00f4ng tin c\u1ea7n thi\u1ebft.<\/p>\n\n\n\n<p>Kh\u1ea3 n\u0103ng n\u1ea1p r\u00fat ti\u1ec1n t\u1ea1i FFok nhanh ch\u00f3ng v\u00e0 ti\u1ec7n l\u1ee3i l\u00e0 m\u1ed9t trong nh\u1eefng \u01b0u \u0111i\u1ec3m l\u1edbn nh\u1ea5t c\u1ee7a n\u1ec1n t\u1ea3ng n\u00e0y. Ng\u01b0\u1eddi ch\u01a1i c\u00f3 th\u1ec3 th\u1ef1c hi\u1ec7n giao d\u1ecbch 24\/7 m\u00e0 kh\u00f4ng b\u1ecb gi\u00e1n \u0111o\u1ea1n. \u0110\u1eb7c bi\u1ec7t, FFok h\u1ed7 tr\u1ee3 nhi\u1ec1u ph\u01b0\u01a1ng th\u1ee9c thanh to\u00e1n kh\u00e1c nhau, t\u1eeb th\u1ebb ng\u00e2n h\u00e0ng, v\u00ed \u0111i\u1ec7n t\u1eed cho \u0111\u1ebfn chuy\u1ec3n kho\u1ea3n ng\u00e2n h\u00e0ng, \u0111\u00e1p \u1ee9ng nhu c\u1ea7u \u0111a d\u1ea1ng c\u1ee7a ng\u01b0\u1eddi ch\u01a1i.<\/p>\n\n\n\n<p>Khi tham gia c\u00e1c tr\u00f2 ch\u01a1i t\u1ea1i FFok, b\u1ea1n s\u1ebd d\u1ec5 d\u00e0ng b\u1ecb cu\u1ed1n h\u00fat b\u1edfi s\u1ef1 k\u1ecbch t\u00ednh v\u00e0 h\u1ea5p d\u1eabn. C\u00e1c tr\u00f2 ch\u01a1i \u1edf \u0111\u00e2y kh\u00f4ng ch\u1ec9 \u0111\u01a1n gi\u1ea3n l\u00e0 \u0111\u1eb7t c\u01b0\u1ee3c m\u00e0 c\u00f2n mang l\u1ea1i ni\u1ec1m vui v\u00e0 s\u1ef1 h\u1ee9ng kh\u1edfi. C\u1ea3m gi\u00e1c h\u1ed3i h\u1ed9p khi ch\u1edd \u0111\u1ee3i k\u1ebft qu\u1ea3 s\u1ebd khi\u1ebfn b\u1ea1n kh\u00f4ng th\u1ec3 r\u1eddi m\u1eaft kh\u1ecfi m\u00e0n h\u00ecnh.<\/p>\n\n\n\n<h2 class=\"wp-block-heading\"><span class=\"ez-toc-section\" id=\"Nhung_diem_noi_bat_chi_co_o_FFok\"><\/span>Nh\u1eefng \u0111i\u1ec3m n\u1ed5i b\u1eadt ch\u1ec9 c\u00f3 \u1edf FFok<span class=\"ez-toc-section-end\"><\/span><\/h2>\n\n\n\n<p>C\u00f3 r\u1ea5t nhi\u1ec1u l\u00fd do gi\u00fap FFok t\u1ea1o n\u00ean d\u1ea5u \u1ea5n ri\u00eang trong l\u00f2ng ng\u01b0\u1eddi ch\u01a1i. D\u01b0\u1edbi \u0111\u00e2y l\u00e0 nh\u1eefng \u0111i\u1ec3m n\u1ed5i b\u1eadt m\u00e0 ch\u1ec9 c\u00f3 t\u1ea1i FFok.<\/p>\n\n\n\n<h3 class=\"wp-block-heading\">H\u1ec7 th\u1ed1ng b\u1ea3o m\u1eadt x\u1ecbn x\u00f2, game th\u00ec kh\u00f4ng thi\u1ebfu<\/h3>\n\n\n\n<p>M\u1ed9t trong nh\u1eefng y\u1ebfu t\u1ed1 quan tr\u1ecdng nh\u1ea5t trong ng\u00e0nh c\u00e1 c\u01b0\u1ee3c tr\u1ef1c tuy\u1ebfn ch\u00ednh l\u00e0 h\u1ec7 th\u1ed1ng b\u1ea3o m\u1eadt. FFok \u0111\u00e3 \u0111\u1ea7u t\u01b0 m\u1ea1nh m\u1ebd v\u00e0o c\u00f4ng ngh\u1ec7 b\u1ea3o m\u1eadt, s\u1eed d\u1ee5ng m\u00e3 h\u00f3a d\u1eef li\u1ec7u SSL v\u00e0 c\u00e1c bi\u1ec7n ph\u00e1p b\u1ea3o v\u1ec7 an ninh m\u1ea1ng kh\u00e1c nh\u1eb1m \u0111\u1ea3m b\u1ea3o m\u1ecdi th\u00f4ng tin c\u1ee7a ng\u01b0\u1eddi d\u00f9ng \u0111\u01b0\u1ee3c an to\u00e0n tuy\u1ec7t \u0111\u1ed1i.<\/p>\n\n\n\n<p>Ch\u01b0a d\u1eebng l\u1ea1i \u1edf \u0111\u00f3, FFok c\u00f2n mang \u0111\u1ebfn cho ng\u01b0\u1eddi ch\u01a1i m\u1ed9t kho game \u0111\u1ed3 s\u1ed9. T\u1eeb c\u00e1c tr\u00f2 ch\u01a1i c\u1ed5 \u0111i\u1ec3n nh\u01b0 baccarat, blackjack, \u0111\u1ebfn c\u00e1c tr\u00f2 ch\u01a1i hi\u1ec7n \u0111\u1ea1i nh\u01b0 slots v\u00e0 live casino, t\u1ea5t c\u1ea3 \u0111\u1ec1u \u0111\u01b0\u1ee3c c\u1eadp nh\u1eadt th\u01b0\u1eddng xuy\u00ean v\u00e0 \u0111\u1ea3m b\u1ea3o ch\u1ea5t l\u01b0\u1ee3ng cao. S\u1ef1 \u0111a d\u1ea1ng n\u00e0y kh\u00f4ng ch\u1ec9 gi\u00fap ng\u01b0\u1eddi ch\u01a1i c\u00f3 th\u00eam nhi\u1ec1u s\u1ef1 l\u1ef1a ch\u1ecdn m\u00e0 c\u00f2n gi\u1eef cho tr\u1ea3i nghi\u1ec7m kh\u00f4ng bao gi\u1edd nh\u00e0m ch\u00e1n.<\/p>\n\n\n\n<p>\u0110\u1ed9i ng\u0169 ph\u00e1t tri\u1ec3n game c\u1ee7a FFok c\u0169ng lu\u00f4n s\u00e1ng t\u1ea1o v\u00e0 \u0111\u1ed5i m\u1edbi li\u00ean t\u1ee5c, th\u01b0\u1eddng xuy\u00ean cho ra m\u1eaft c\u00e1c tr\u00f2 ch\u01a1i m\u1edbi m\u1ebb, h\u1ea5p d\u1eabn, ph\u00f9 h\u1ee3p v\u1edbi xu h\u01b0\u1edbng th\u1ecb tr\u01b0\u1eddng. \u0110i\u1ec1u n\u00e0y gi\u00fap FFok lu\u00f4n \u0111i \u0111\u1ea7u trong ng\u00e0nh c\u00f4ng nghi\u1ec7p c\u00e1 c\u01b0\u1ee3c tr\u1ef1c tuy\u1ebfn.<\/p>\n\n\n\n<h3 class=\"wp-block-heading\">Ch\u0103m s\u00f3c kh\u00e1ch h\u00e0ng c\u1ef1c k\u1ef3 chu \u0111\u00e1o<\/h3>\n\n\n\n<p>D\u1ecbch v\u1ee5 ch\u0103m s\u00f3c kh\u00e1ch h\u00e0ng l\u00e0 m\u1ed9t trong nh\u1eefng y\u1ebfu t\u1ed1 kh\u00f4ng th\u1ec3 thi\u1ebfu \u0111\u1ec3 t\u1ea1o d\u1ef1ng l\u00f2ng tin t\u1eeb ph\u00eda ng\u01b0\u1eddi ch\u01a1i. T\u1ea1i FFok, \u0111\u1ed9i ng\u0169 h\u1ed7 tr\u1ee3 kh\u00e1ch h\u00e0ng lu\u00f4n s\u1eb5n s\u00e0ng ph\u1ee5c v\u1ee5 24\/7, gi\u00fap ng\u01b0\u1eddi ch\u01a1i gi\u1ea3i quy\u1ebft m\u1ecdi th\u1eafc m\u1eafc v\u00e0 v\u1ea5n \u0111\u1ec1 ph\u00e1t sinh m\u1ed9t c\u00e1ch nhanh ch\u00f3ng v\u00e0 hi\u1ec7u qu\u1ea3.<\/p>\n\n\n\n<p>Ng\u01b0\u1eddi ch\u01a1i c\u00f3 th\u1ec3 li\u00ean l\u1ea1c v\u1edbi b\u1ed9 ph\u1eadn h\u1ed7 tr\u1ee3 qua nhi\u1ec1u k\u00eanh kh\u00e1c nhau nh\u01b0 chat tr\u1ef1c tuy\u1ebfn, \u0111i\u1ec7n tho\u1ea1i ho\u1eb7c email. Kh\u00f4ng ch\u1ec9 \u0111\u01a1n thu\u1ea7n tr\u1ea3 l\u1eddi c\u00e2u h\u1ecfi, \u0111\u1ed9i ng\u0169 nh\u00e2n vi\u00ean t\u1ea1i FFok c\u00f2n nhi\u1ec7t t\u00ecnh t\u01b0 v\u1ea5n v\u00e0 \u0111\u01b0a ra nh\u1eefng gi\u1ea3i ph\u00e1p ph\u00f9 h\u1ee3p nh\u1ea5t cho t\u1eebng tr\u01b0\u1eddng h\u1ee3p.<\/p>\n\n\n\n<p>B\u00ean c\u1ea1nh \u0111\u00f3, FFok th\u01b0\u1eddng xuy\u00ean t\u1ed5 ch\u1ee9c c\u00e1c bu\u1ed5i h\u1ed9i th\u1ea3o tr\u1ef1c tuy\u1ebfn \u0111\u1ec3 ng\u01b0\u1eddi ch\u01a1i c\u00f3 th\u1ec3 tham gia, n\u1eafm b\u1eaft c\u00e1c ki\u1ebfn th\u1ee9c m\u1edbi v\u1ec1 c\u00e1 c\u01b0\u1ee3c v\u00e0 c\u1eadp nh\u1eadt th\u00f4ng tin m\u1edbi nh\u1ea5t t\u1eeb s\u00e2n ch\u01a1i n\u00e0y. \u0110i\u1ec1u n\u00e0y kh\u00f4ng ch\u1ec9 gi\u00fap ng\u01b0\u1eddi ch\u01a1i t\u1ef1 tin h\u01a1n khi tham gia c\u00e1 c\u01b0\u1ee3c m\u00e0 c\u00f2n t\u1ea1o ra m\u1ed9t c\u1ed9ng \u0111\u1ed3ng g\u1eafn k\u1ebft v\u00e0 th\u00e2n thi\u1ec7n.<\/p>\n\n\n\n<h2 class=\"wp-block-heading\"><span class=\"ez-toc-section\" id=\"Vi_sao_ban_nen_thu_ngay_FFok\"><\/span>V\u00ec sao b\u1ea1n n\u00ean th\u1eed ngay FFok?<span class=\"ez-toc-section-end\"><\/span><\/h2>\n\n\n\n<p>N\u1ebfu b\u1ea1n v\u1eabn \u0111ang ph\u00e2n v\u00e2n ch\u01b0a bi\u1ebft l\u1ef1a ch\u1ecdn s\u00e2n ch\u01a1i c\u00e1 c\u01b0\u1ee3c n\u00e0o, h\u00e3y th\u1eed ngay FFok. D\u01b0\u1edbi \u0111\u00e2y l\u00e0 nh\u1eefng l\u00fd do t\u1ea1i sao b\u1ea1n n\u00ean tham gia ngay h\u00f4m nay.<\/p>\n\n\n\n<h3 class=\"wp-block-heading\">Ch\u01a1i vui \u2013 n\u1ea1p r\u00fat l\u1eb9 \u2013 nhi\u1ec1u khuy\u1ebfn m\u00e3i<\/h3>\n\n\n\n<p>FFok mang \u0111\u1ebfn nh\u1eefng tr\u1ea3i nghi\u1ec7m c\u00e1 c\u01b0\u1ee3c th\u1eadt s\u1ef1 th\u00fa v\u1ecb. C\u00e1c tr\u00f2 ch\u01a1i kh\u00f4ng ch\u1ec9 \u0111a d\u1ea1ng m\u00e0 c\u00f2n \u0111\u01b0\u1ee3c t\u1ed1i \u01b0u h\u00f3a \u0111\u1ec3 ng\u01b0\u1eddi ch\u01a1i c\u00f3 th\u1ec3 tham gia m\u1ed9t c\u00e1ch tho\u1ea3i m\u00e1i nh\u1ea5t. T\u1eeb c\u00e1c tr\u1eadn \u0111\u1ea5u th\u1ec3 thao k\u1ecbch t\u00ednh \u0111\u1ebfn c\u00e1c b\u00e0n casino h\u1ea5p d\u1eabn, m\u1ecdi th\u1ee9 \u0111\u1ec1u \u0111\u01b0\u1ee3c chu\u1ea9n b\u1ecb k\u1ef9 l\u01b0\u1ee1ng \u0111\u1ec3 \u0111em l\u1ea1i s\u1ef1 h\u00e0i l\u00f2ng cao nh\u1ea5t.<\/p>\n\n\n\n<p>Ngo\u00e0i ra, kh\u1ea3 n\u0103ng n\u1ea1p r\u00fat ti\u1ec1n nhanh ch\u00f3ng t\u1ea1i FFok c\u0169ng ch\u00ednh l\u00e0 m\u1ed9t \u0111i\u1ec3m c\u1ed9ng l\u1edbn. Ng\u01b0\u1eddi ch\u01a1i kh\u00f4ng c\u1ea7n ph\u1ea3i lo l\u1eafng v\u1ec1 th\u1eddi gian ch\u1edd \u0111\u1ee3i, m\u00e0 c\u00f3 th\u1ec3 t\u1eadp trung v\u00e0o vi\u1ec7c t\u1eadn h\u01b0\u1edfng tr\u00f2 ch\u01a1i.<\/p>\n\n\n\n<p>Kh\u00f4ng th\u1ec3 kh\u00f4ng k\u1ec3 \u0111\u1ebfn c\u00e1c ch\u01b0\u01a1ng tr\u00ecnh khuy\u1ebfn m\u00e3i h\u1ea5p d\u1eabn m\u00e0 FFok th\u01b0\u1eddng xuy\u00ean tung ra. T\u1eeb th\u01b0\u1edfng cho ng\u01b0\u1eddi ch\u01a1i m\u1edbi \u0111\u1ebfn c\u00e1c ch\u01b0\u01a1ng tr\u00ecnh ho\u00e0n tr\u1ea3 ti\u1ec1n v\u00e0 qu\u00e0 t\u1eb7ng, nh\u1eefng \u01b0u \u0111\u00e3i n\u00e0y ch\u1eafc ch\u1eafn s\u1ebd l\u00e0m h\u00e0i l\u00f2ng ng\u01b0\u1eddi ch\u01a1i v\u00e0 gi\u00fap h\u1ecd gia t\u0103ng c\u01a1 h\u1ed9i chi\u1ebfn th\u1eafng.<\/p>\n\n\n\n<h3 class=\"wp-block-heading\">S\u1ea3nh game \u0111\u1ec9nh, t\u1ef7 l\u1ec7 \u0103n cao kh\u1ecfi b\u00e0n<\/h3>\n\n\n\n<p>S\u1ea3nh game c\u1ee7a FFok \u0111\u01b0\u1ee3c thi\u1ebft k\u1ebf v\u1edbi ti\u00eau ch\u00ed &#8220;ng\u01b0\u1eddi ch\u01a1i l\u00e0 trung t\u00e2m&#8221;. T\u1ea1i \u0111\u00e2y, b\u1ea1n s\u1ebd t\u00ecm th\u1ea5y v\u00f4 s\u1ed1 tr\u00f2 ch\u01a1i t\u1eeb c\u00e1c nh\u00e0 cung c\u1ea5p h\u00e0ng \u0111\u1ea7u th\u1ebf gi\u1edbi, v\u1edbi t\u1ef7 l\u1ec7 \u0103n v\u00f4 c\u00f9ng h\u1ea5p d\u1eabn. \u0110i\u1ec1u n\u00e0y ngh\u0129a l\u00e0 b\u1ea1n c\u00f3 c\u01a1 h\u1ed9i kh\u00f4ng ch\u1ec9 \u0111\u1ec3 vui ch\u01a1i m\u00e0 c\u00f2n \u0111\u1ec3 ki\u1ebfm ti\u1ec1n t\u1eeb s\u1edf th\u00edch c\u1ee7a m\u00ecnh.<\/p>\n\n\n\n<p>C\u00e1c tr\u00f2 ch\u01a1i t\u1ea1i FFok kh\u00f4ng ch\u1ec9 mang t\u00ednh gi\u1ea3i tr\u00ed m\u00e0 c\u00f2n c\u00f3 th\u1ec3 t\u1ea1o ra ngu\u1ed3n thu nh\u1eadp \u0111\u00e1ng k\u1ec3 n\u1ebfu b\u1ea1n bi\u1ebft c\u00e1ch ch\u01a1i v\u00e0 v\u1eadn d\u1ee5ng c\u00e1c chi\u1ebfn thu\u1eadt h\u1ee3p l\u00fd. V\u1edbi s\u1ef1 \u0111a d\u1ea1ng c\u1ee7a c\u00e1c lo\u1ea1i h\u00ecnh c\u00e1 c\u01b0\u1ee3c, b\u1ea1n c\u00f3 th\u1ec3 d\u1ec5 d\u00e0ng t\u00ecm th\u1ea5y tr\u00f2 ch\u01a1i ph\u00f9 h\u1ee3p v\u1edbi phong c\u00e1ch v\u00e0 s\u1edf th\u00edch c\u00e1 nh\u00e2n.<\/p>\n\n\n\n<p>H\u01a1n n\u1eefa, FFok c\u0169ng th\u01b0\u1eddng xuy\u00ean t\u1ed5 ch\u1ee9c c\u00e1c gi\u1ea3i \u0111\u1ea5u v\u00e0 s\u1ef1 ki\u1ec7n \u0111\u1eb7c bi\u1ec7t, n\u01a1i b\u1ea1n c\u00f3 th\u1ec3 th\u1ec3 hi\u1ec7n k\u1ef9 n\u0103ng v\u00e0 tranh t\u00e0i v\u1edbi c\u00e1c ng\u01b0\u1eddi ch\u01a1i kh\u00e1c. \u0110\u00e2y ch\u00ednh l\u00e0 c\u01a1 h\u1ed9i tuy\u1ec7t v\u1eddi \u0111\u1ec3 b\u1ea1n kh\u00f4ng ch\u1ec9 gi\u1ea3i tr\u00ed m\u00e0 c\u00f2n c\u00f3 th\u1ec3 gi\u00e0nh l\u1ea5y nh\u1eefng ph\u1ea7n th\u01b0\u1edfng gi\u00e1 tr\u1ecb.<\/p>\n\n\n\n<h2 class=\"wp-block-heading\"><span class=\"ez-toc-section\" id=\"Ket_luan\"><\/span>K\u1ebft lu\u1eadn<span class=\"ez-toc-section-end\"><\/span><\/h2>\n\n\n\n<p>FFok l\u00e0 m\u1ed9t trong nh\u1eefng s\u00e2n ch\u01a1i c\u00e1 c\u01b0\u1ee3c uy t\u00edn h\u00e0ng \u0111\u1ea7u t\u1ea1i Vi\u1ec7t Nam m\u00e0 b\u1ea1n kh\u00f4ng th\u1ec3 b\u1ecf l\u1ee1. V\u1edbi n\u1ec1n t\u1ea3ng \u0111a d\u1ea1ng, d\u1ecbch v\u1ee5 ch\u0103m s\u00f3c kh\u00e1ch h\u00e0ng t\u1eadn t\u00ecnh v\u00e0 h\u1ec7 th\u1ed1ng b\u1ea3o m\u1eadt hi\u1ec7n \u0111\u1ea1i, FFok \u0111\u00e3 ch\u1ee9ng t\u1ecf \u0111\u01b0\u1ee3c v\u1ecb th\u1ebf c\u1ee7a m\u00ecnh trong l\u0129nh v\u1ef1c c\u00e1 c\u01b0\u1ee3c tr\u1ef1c tuy\u1ebfn. N\u1ebfu b\u1ea1n \u0111ang t\u00ecm ki\u1ebfm m\u1ed9t tr\u1ea3i nghi\u1ec7m c\u00e1 c\u01b0\u1ee3c th\u00fa v\u1ecb v\u00e0 an to\u00e0n, \u0111\u1eebng ng\u1ea7n ng\u1ea1i tham gia FFok ngay h\u00f4m nay!<\/p>\n\n\n","protected":false},"excerpt":{"rendered":"<p>Gi\u1edbi Thi\u1ec7u FFok l\u00e0 m\u1ed9t trong nh\u1eefng s\u00e2n ch\u01a1i c\u00e1 c\u01b0\u1ee3c tr\u1ef1c tuy\u1ebfn \u0111ang r\u1ea5t \u0111\u01b0\u1ee3c y\u00eau th\u00edch t\u1ea1i Vi\u1ec7t Nam. V\u1edbi s\u1ef1 ph\u00e1t tri\u1ec3n m\u1ea1nh m\u1ebd c\u1ee7a c\u00f4ng ngh\u1ec7 th\u00f4ng tin v\u00e0 nhu c\u1ea7u gi\u1ea3i tr\u00ed ng\u00e0y c\u00e0ng t\u0103ng cao, FFok \u0111\u00e3 tr\u1edf th\u00e0nh l\u1ef1a ch\u1ecdn h\u00e0ng \u0111\u1ea7u cho nh\u1eefng ai \u0111am m\u00ea c\u00e1 [&#8230;]\n","protected":false},"author":1,"featured_media":173,"parent":0,"menu_order":0,"comment_status":"closed","ping_status":"closed","template":"","meta":{"footnotes":""},"class_list":["post-67","page","type-page","status-publish","has-post-thumbnail","hentry"],"_links":{"self":[{"href":"https:\/\/checkinhanoi.com\/index.php\/wp-json\/wp\/v2\/pages\/67","targetHints":{"allow":["GET"]}}],"collection":[{"href":"https:\/\/checkinhanoi.com\/index.php\/wp-json\/wp\/v2\/pages"}],"about":[{"href":"https:\/\/checkinhanoi.com\/index.php\/wp-json\/wp\/v2\/types\/page"}],"author":[{"embeddable":true,"href":"https:\/\/checkinhanoi.com\/index.php\/wp-json\/wp\/v2\/users\/1"}],"replies":[{"embeddable":true,"href":"https:\/\/checkinhanoi.com\/index.php\/wp-json\/wp\/v2\/comments?post=67"}],"version-history":[{"count":3,"href":"https:\/\/checkinhanoi.com\/index.php\/wp-json\/wp\/v2\/pages\/67\/revisions"}],"predecessor-version":[{"id":175,"href":"https:\/\/checkinhanoi.com\/index.php\/wp-json\/wp\/v2\/pages\/67\/revisions\/175"}],"wp:featuredmedia":[{"embeddable":true,"href":"https:\/\/checkinhanoi.com\/index.php\/wp-json\/wp\/v2\/media\/173"}],"wp:attachment":[{"href":"https:\/\/checkinhanoi.com\/index.php\/wp-json\/wp\/v2\/media?parent=67"}],"curies":[{"name":"wp","href":"https:\/\/api.w.org\/{rel}","templated":true}]}}